{"id":110,"date":"2011-09-26T17:13:34","date_gmt":"2011-09-26T17:13:34","guid":{"rendered":"http:\/\/localhost\/testes\/produto\/o-autor\/"},"modified":"2026-04-20T20:17:49","modified_gmt":"2026-04-20T20:17:49","slug":"o-autor","status":"publish","type":"product","link":"https:\/\/artistasunidos.pt\/livrariaonline\/produto\/o-autor\/","title":{"rendered":"O AUTOR"},"content":{"rendered":"<p>Livrinhos de Teatro n\u00ba 51<\/p>\n<p>Artistas Unidos \/ Culturgest\/ Livros Cotovia<\/p>\n<p>Tradu\u00e7\u00e3o de Francisco Fraz\u00e3o<\/p>\n<p>Uma deslumbrante experi\u00eancia teatral onde n\u00e3o h\u00e1 escapat\u00f3ria para ningu\u00e9m, abrindo-nos os olhos para o que devia ser gritantemente \u00f3bvio: todos podemos escolher.<br \/>\n<strong>Lyn Gardner, The Guardian<\/strong><\/p>\n","protected":false},"excerpt":{"rendered":"<p>de Tim Crounch<\/p>\n","protected":false},"featured_media":760,"template":"","meta":[],"product_brand":[],"product_cat":[77],"product_tag":[],"class_list":{"0":"post-110","1":"product","2":"type-product","3":"status-publish","4":"has-post-thumbnail","6":"product_cat-livrinhos-de-teatro","8":"first","9":"instock","10":"taxable","11":"shipping-taxable","12":"purchasable","13":"product-type-simple"},"_links":{"self":[{"href":"https:\/\/artistasunidos.pt\/livrariaonline\/wp-json\/wp\/v2\/product\/110","targetHints":{"allow":["GET"]}}],"collection":[{"href":"https:\/\/artistasunidos.pt\/livrariaonline\/wp-json\/wp\/v2\/product"}],"about":[{"href":"https:\/\/artistasunidos.pt\/livrariaonline\/wp-json\/wp\/v2\/types\/product"}],"wp:featuredmedia":[{"embeddable":true,"href":"https:\/\/artistasunidos.pt\/livrariaonline\/wp-json\/wp\/v2\/media\/760"}],"wp:attachment":[{"href":"https:\/\/artistasunidos.pt\/livrariaonline\/wp-json\/wp\/v2\/media?parent=110"}],"wp:term":[{"taxonomy":"product_brand","embeddable":true,"href":"https:\/\/artistasunidos.pt\/livrariaonline\/wp-json\/wp\/v2\/product_brand?post=110"},{"taxonomy":"product_cat","embeddable":true,"href":"https:\/\/artistasunidos.pt\/livrariaonline\/wp-json\/wp\/v2\/product_cat?post=110"},{"taxonomy":"product_tag","embeddable":true,"href":"https:\/\/artistasunidos.pt\/livrariaonline\/wp-json\/wp\/v2\/product_tag?post=110"}],"curies":[{"name":"wp","href":"https:\/\/api.w.org\/{rel}","templated":true}]}}