{"id":1136,"date":"2019-01-15T15:23:58","date_gmt":"2019-01-15T15:23:58","guid":{"rendered":"http:\/\/www.artistasunidos.pt\/livrariaonline\/?post_type=product&#038;p=1136"},"modified":"2026-04-20T20:19:50","modified_gmt":"2026-04-20T20:19:50","slug":"retrato-de-mulher-arabe-que-olha-o-mar-variacoes-sobre-o-modelo-de-kraepelin","status":"publish","type":"product","link":"https:\/\/artistasunidos.pt\/livrariaonline\/produto\/retrato-de-mulher-arabe-que-olha-o-mar-variacoes-sobre-o-modelo-de-kraepelin\/","title":{"rendered":"RETRATO DE MULHER \u00c1RABE QUE OLHA O MAR \/ VARIA\u00c7\u00d5ES SOBRE O MODELO DE KRAEPELIN"},"content":{"rendered":"<p>Livrinhos de Teatro n\u00ba 121<\/p>\n<p>Quando escrevo, penso porque escolhi o teatro? Comparado a outras formas de arte, tem uma vantagem: \u00e9 a \u00fanica arte que permite ao espectador experienciar aqui e agora o confronto entre as palavras que descrevem o mundo, a imagem do mundo na nossa cabe\u00e7a e o mundo criado no palco. S\u00f3 o teatro pode lan\u00e7ar uma luz sobre a rela\u00e7\u00e3o entre s\u00edmbolos, ideia e mat\u00e9ria&#8230; Na minha opini\u00e3o, o teatro \u00e9 sobre esta experi\u00eancia e \u00e9 por isso que escrevo.<br \/>\nDavide Carnevali<\/p>\n","protected":false},"excerpt":{"rendered":"<p>de Davide Carnevali<\/p>\n","protected":false},"featured_media":1137,"template":"","meta":[],"product_brand":[],"product_cat":[77],"product_tag":[67,78],"class_list":{"0":"post-1136","1":"product","2":"type-product","3":"status-publish","4":"has-post-thumbnail","6":"product_cat-livrinhos-de-teatro","7":"product_tag-davide-carnevali","8":"product_tag-livrinhos-de-teatro","10":"first","11":"instock","12":"taxable","13":"shipping-taxable","14":"purchasable","15":"product-type-simple"},"_links":{"self":[{"href":"https:\/\/artistasunidos.pt\/livrariaonline\/wp-json\/wp\/v2\/product\/1136","targetHints":{"allow":["GET"]}}],"collection":[{"href":"https:\/\/artistasunidos.pt\/livrariaonline\/wp-json\/wp\/v2\/product"}],"about":[{"href":"https:\/\/artistasunidos.pt\/livrariaonline\/wp-json\/wp\/v2\/types\/product"}],"wp:featuredmedia":[{"embeddable":true,"href":"https:\/\/artistasunidos.pt\/livrariaonline\/wp-json\/wp\/v2\/media\/1137"}],"wp:attachment":[{"href":"https:\/\/artistasunidos.pt\/livrariaonline\/wp-json\/wp\/v2\/media?parent=1136"}],"wp:term":[{"taxonomy":"product_brand","embeddable":true,"href":"https:\/\/artistasunidos.pt\/livrariaonline\/wp-json\/wp\/v2\/product_brand?post=1136"},{"taxonomy":"product_cat","embeddable":true,"href":"https:\/\/artistasunidos.pt\/livrariaonline\/wp-json\/wp\/v2\/product_cat?post=1136"},{"taxonomy":"product_tag","embeddable":true,"href":"https:\/\/artistasunidos.pt\/livrariaonline\/wp-json\/wp\/v2\/product_tag?post=1136"}],"curies":[{"name":"wp","href":"https:\/\/api.w.org\/{rel}","templated":true}]}}