{"id":126,"date":"2011-09-28T10:55:12","date_gmt":"2011-09-28T10:55:12","guid":{"rendered":"http:\/\/localhost\/testes\/produto\/breves-textos-para-a-liberdade\/"},"modified":"2026-04-20T20:16:39","modified_gmt":"2026-04-20T20:16:39","slug":"breves-textos-para-a-liberdade","status":"publish","type":"product","link":"https:\/\/artistasunidos.pt\/livrariaonline\/produto\/breves-textos-para-a-liberdade\/","title":{"rendered":"BREVES TEXTOS PARA A LIBERDADE"},"content":{"rendered":"<p>Tradu\u00e7\u00e3o de Paulo de Carvalho e Pedro Porto Fernandes<br \/>\nUma edi\u00e7\u00e3o Artistas Unidos \/Det \u00c5pne Teater\/ Livros Cotovia<\/p>\n<p>&#8220;A meu ver, a liberdade \u00e9 a primeira e mais importante condi\u00e7\u00e3o para a vida\u201d<br \/>\n(Henrik Ibsen a Georg Brandes).<\/p>\n<p>No centen\u00e1rio da morte de Ibsen (1906-2006), 19 escritores de 10 pa\u00edses diferentes foram convidados pelo Det \u00c5pne Teatre de Oslo a glosar esta frase de Ibsen em pe\u00e7as curtas de dura\u00e7\u00e3o m\u00e1xima de 15 minutos.<\/p>\n","protected":false},"excerpt":{"rendered":"<p>De Arne Lygre, Gyrid Axe \u00d8vsteng, Jos\u00e9 Maria Vieira Mendes, Gro Dahle<\/p>\n","protected":false},"featured_media":3462,"template":"","meta":[],"product_brand":[],"product_cat":[77],"product_tag":[],"class_list":{"0":"post-126","1":"product","2":"type-product","3":"status-publish","4":"has-post-thumbnail","6":"product_cat-livrinhos-de-teatro","8":"first","9":"outofstock","10":"taxable","11":"shipping-taxable","12":"purchasable","13":"product-type-simple"},"_links":{"self":[{"href":"https:\/\/artistasunidos.pt\/livrariaonline\/wp-json\/wp\/v2\/product\/126","targetHints":{"allow":["GET"]}}],"collection":[{"href":"https:\/\/artistasunidos.pt\/livrariaonline\/wp-json\/wp\/v2\/product"}],"about":[{"href":"https:\/\/artistasunidos.pt\/livrariaonline\/wp-json\/wp\/v2\/types\/product"}],"wp:featuredmedia":[{"embeddable":true,"href":"https:\/\/artistasunidos.pt\/livrariaonline\/wp-json\/wp\/v2\/media\/3462"}],"wp:attachment":[{"href":"https:\/\/artistasunidos.pt\/livrariaonline\/wp-json\/wp\/v2\/media?parent=126"}],"wp:term":[{"taxonomy":"product_brand","embeddable":true,"href":"https:\/\/artistasunidos.pt\/livrariaonline\/wp-json\/wp\/v2\/product_brand?post=126"},{"taxonomy":"product_cat","embeddable":true,"href":"https:\/\/artistasunidos.pt\/livrariaonline\/wp-json\/wp\/v2\/product_cat?post=126"},{"taxonomy":"product_tag","embeddable":true,"href":"https:\/\/artistasunidos.pt\/livrariaonline\/wp-json\/wp\/v2\/product_tag?post=126"}],"curies":[{"name":"wp","href":"https:\/\/api.w.org\/{rel}","templated":true}]}}

<p>Tradução de Paulo de Carvalho e Pedro Porto Fernandes<br />
Uma edição Artistas Unidos /Det Åpne Teater/ Livros Cotovia</p>
<p>&#8220;A meu ver, a liberdade é a primeira e mais importante condição para a vida”<br />
(Henrik Ibsen a Georg Brandes).</p>
<p>No centenário da morte de Ibsen (1906-2006), 19 escritores de 10 países diferentes foram convidados pelo Det Åpne Teatre de Oslo a glosar esta frase de Ibsen em peças curtas de duração máxima de 15 minutos.</p>

<p>De Arne Lygre, Gyrid Axe Øvsteng, José Maria Vieira Mendes, Gro Dahle</p>
