{"id":142,"date":"2011-10-04T10:10:14","date_gmt":"2011-10-04T10:10:14","guid":{"rendered":"http:\/\/localhost\/testes\/produto\/n-6-novembro-2001\/"},"modified":"2011-10-04T10:10:14","modified_gmt":"2011-10-04T10:10:14","slug":"n-6-novembro-2001","status":"publish","type":"product","link":"https:\/\/artistasunidos.pt\/livrariaonline\/produto\/n-6-novembro-2001\/","title":{"rendered":"Revista N\u00ba 6"},"content":{"rendered":"<p><strong>N\u00famero Especial: O teatro que vem da Esc\u00f3cia<\/strong><br \/>\nEditorial<br \/>\nPref\u00e1cio de Philip Howard<br \/>\n<strong>Stephen Greenhorn<\/strong><br \/>\n<em>Lugares de Passagem<\/em><br \/>\n<strong>David Greig<\/strong><br \/>\n<em>Europa<br \/>\nA \u00faltima mensagem do cosmonauta para a mulher que um dia amou na antiga Uni\u00e3o Sovi\u00e9tica<\/em><\/p>\n<p><strong>Duncan McLean (tr\u00eas pe\u00e7as curtas):<\/strong><br \/>\n<em>Uma Coisa \u00e9 Certa<br \/>\nRug Comes to Shuv<br \/>\nAntes Cego<\/em><br \/>\n<strong>David Harrower<\/strong><br \/>\n<em>Matem os Velhos Torturem-lhes as Crias<br \/>\nPresen\u00e7a<\/em><\/p>\n","protected":false},"excerpt":{"rendered":"<p>(Novembro 2001)<\/p>\n","protected":false},"featured_media":143,"template":"","meta":[],"product_brand":[],"product_cat":[88],"product_tag":[],"class_list":{"0":"post-142","1":"product","2":"type-product","3":"status-publish","4":"has-post-thumbnail","6":"product_cat-revistas","8":"first","9":"instock","10":"taxable","11":"shipping-taxable","12":"purchasable","13":"product-type-simple"},"_links":{"self":[{"href":"https:\/\/artistasunidos.pt\/livrariaonline\/wp-json\/wp\/v2\/product\/142","targetHints":{"allow":["GET"]}}],"collection":[{"href":"https:\/\/artistasunidos.pt\/livrariaonline\/wp-json\/wp\/v2\/product"}],"about":[{"href":"https:\/\/artistasunidos.pt\/livrariaonline\/wp-json\/wp\/v2\/types\/product"}],"wp:featuredmedia":[{"embeddable":true,"href":"https:\/\/artistasunidos.pt\/livrariaonline\/wp-json\/wp\/v2\/media\/143"}],"wp:attachment":[{"href":"https:\/\/artistasunidos.pt\/livrariaonline\/wp-json\/wp\/v2\/media?parent=142"}],"wp:term":[{"taxonomy":"product_brand","embeddable":true,"href":"https:\/\/artistasunidos.pt\/livrariaonline\/wp-json\/wp\/v2\/product_brand?post=142"},{"taxonomy":"product_cat","embeddable":true,"href":"https:\/\/artistasunidos.pt\/livrariaonline\/wp-json\/wp\/v2\/product_cat?post=142"},{"taxonomy":"product_tag","embeddable":true,"href":"https:\/\/artistasunidos.pt\/livrariaonline\/wp-json\/wp\/v2\/product_tag?post=142"}],"curies":[{"name":"wp","href":"https:\/\/api.w.org\/{rel}","templated":true}]}}