{"id":146,"date":"2011-10-04T10:21:15","date_gmt":"2011-10-04T10:21:15","guid":{"rendered":"http:\/\/localhost\/testes\/produto\/n-8-julho-de-2003\/"},"modified":"2011-10-04T10:21:15","modified_gmt":"2011-10-04T10:21:15","slug":"n-8-julho-de-2003","status":"publish","type":"product","link":"https:\/\/artistasunidos.pt\/livrariaonline\/produto\/n-8-julho-de-2003\/","title":{"rendered":"Revista N\u00ba 8"},"content":{"rendered":"<p><strong>O Caso A Capital<\/strong><br \/>\n&#8211; Ainda a Capital. Teatro Taborda? Teatro Paulo Claro \u00e0 vista?<br \/>\n&#8211; O abaixo-assinado<br \/>\n&#8211; Mensagens de apoio<br \/>\n&#8211; Grupo de Espectadores d&#8217;a Capital<\/p>\n<p><strong>Spiro Scimone<\/strong><br \/>\n&#8211; Spiro Scimone: Parar para ver, aprender a ouvir<br \/>\n&#8211; Ettore Capriolo: Sobre as pe\u00e7as de Spiro Scimone<br \/>\n&#8211; Lu\u00eds Miguel Oliveira: Due Amici<br \/>\n&#8211; Francisco Fraz\u00e3o: Conversas na Sic\u00edlia<\/p>\n<p><strong>Cenografia n&#8217;a Capital<\/strong><br \/>\n&#8211; Rita Lopes Alves: Agora estamos aqui<br \/>\n&#8211; Pedro Domingos: Com o m\u00ednimo de luz<br \/>\n&#8211; Jos\u00e9 Capela: Os espa\u00e7os d&#8217;a Capital pelos Artistas Unidos<br \/>\n&#8211; Jorge Silva Melo: Aquilo que l\u00e1 est\u00e1 \u00e9<br \/>\n&#8211; Gilles Aillaud: Sobre o cen\u00e1rio de teatro<\/p>\n<p><strong>Harold Pinter<\/strong><br \/>\n&#8211; Ciclo Harold Pinter<br \/>\n&#8211; Historial incompleto (muito? pouco?) de Pinter em Portugal<br \/>\n&#8211; Alberto Seixas Santos: Quem era o passageiro que se sentou ao meu lado?<br \/>\n&#8211; Jorge Silva Melo: &#8220;N\u00e3o te lembras?&#8221;<br \/>\n&#8211; Pinter em Portugal. Depoimentos de:<\/p>\n<blockquote>\n<p style=\"padding-left: 30px;\">Jacinto Ramos: O princ\u00edpio de tudo<br \/>\nCarlos N\u00e9ry: O p\u00e2nico sem raz\u00e3o nenhuma<br \/>\nJo\u00e3o Vieira: Revelar o que est\u00e1 na escrita<br \/>\nJorge Listopad: O assunto somos n\u00f3s<br \/>\nArtur Ramos: Das melhores coisas que fiz<br \/>\nGra\u00e7a Lobo: A escrever como n\u00e3o se fala<\/p>\n<\/blockquote>\n<p>&#8211; Peter Hall: Encenar as pe\u00e7as de Harold Pinter<br \/>\n&#8211; Jorge Silva Melo: R\u00e1dio, televis\u00e3o, cinema<br \/>\n&#8211; Gra\u00e7a P. Corr\u00eaa: Acerca da pe\u00e7a C\u00e2mara Ardente<br \/>\n&#8211; C\u00e2mara Ardente de Harold Pinter<\/p>\n","protected":false},"excerpt":{"rendered":"<p>(Julho de 2003)<\/p>\n","protected":false},"featured_media":147,"template":"","meta":[],"product_brand":[],"product_cat":[88],"product_tag":[],"class_list":{"0":"post-146","1":"product","2":"type-product","3":"status-publish","4":"has-post-thumbnail","6":"product_cat-revistas","8":"first","9":"instock","10":"taxable","11":"shipping-taxable","12":"purchasable","13":"product-type-simple"},"_links":{"self":[{"href":"https:\/\/artistasunidos.pt\/livrariaonline\/wp-json\/wp\/v2\/product\/146","targetHints":{"allow":["GET"]}}],"collection":[{"href":"https:\/\/artistasunidos.pt\/livrariaonline\/wp-json\/wp\/v2\/product"}],"about":[{"href":"https:\/\/artistasunidos.pt\/livrariaonline\/wp-json\/wp\/v2\/types\/product"}],"wp:featuredmedia":[{"embeddable":true,"href":"https:\/\/artistasunidos.pt\/livrariaonline\/wp-json\/wp\/v2\/media\/147"}],"wp:attachment":[{"href":"https:\/\/artistasunidos.pt\/livrariaonline\/wp-json\/wp\/v2\/media?parent=146"}],"wp:term":[{"taxonomy":"product_brand","embeddable":true,"href":"https:\/\/artistasunidos.pt\/livrariaonline\/wp-json\/wp\/v2\/product_brand?post=146"},{"taxonomy":"product_cat","embeddable":true,"href":"https:\/\/artistasunidos.pt\/livrariaonline\/wp-json\/wp\/v2\/product_cat?post=146"},{"taxonomy":"product_tag","embeddable":true,"href":"https:\/\/artistasunidos.pt\/livrariaonline\/wp-json\/wp\/v2\/product_tag?post=146"}],"curies":[{"name":"wp","href":"https:\/\/api.w.org\/{rel}","templated":true}]}}

Revista Nº 8

<p><strong>O Caso A Capital</strong><br />
&#8211; Ainda a Capital. Teatro Taborda? Teatro Paulo Claro à vista?<br />
&#8211; O abaixo-assinado<br />
&#8211; Mensagens de apoio<br />
&#8211; Grupo de Espectadores d&#8217;a Capital</p>
<p><strong>Spiro Scimone</strong><br />
&#8211; Spiro Scimone: Parar para ver, aprender a ouvir<br />
&#8211; Ettore Capriolo: Sobre as peças de Spiro Scimone<br />
&#8211; Luís Miguel Oliveira: Due Amici<br />
&#8211; Francisco Frazão: Conversas na Sicília</p>
<p><strong>Cenografia n&#8217;a Capital</strong><br />
&#8211; Rita Lopes Alves: Agora estamos aqui<br />
&#8211; Pedro Domingos: Com o mínimo de luz<br />
&#8211; José Capela: Os espaços d&#8217;a Capital pelos Artistas Unidos<br />
&#8211; Jorge Silva Melo: Aquilo que lá está é<br />
&#8211; Gilles Aillaud: Sobre o cenário de teatro</p>
<p><strong>Harold Pinter</strong><br />
&#8211; Ciclo Harold Pinter<br />
&#8211; Historial incompleto (muito? pouco?) de Pinter em Portugal<br />
&#8211; Alberto Seixas Santos: Quem era o passageiro que se sentou ao meu lado?<br />
&#8211; Jorge Silva Melo: &#8220;Não te lembras?&#8221;<br />
&#8211; Pinter em Portugal. Depoimentos de:</p>
<blockquote>
<p style="padding-left: 30px;">Jacinto Ramos: O princípio de tudo<br />
Carlos Néry: O pânico sem razão nenhuma<br />
João Vieira: Revelar o que está na escrita<br />
Jorge Listopad: O assunto somos nós<br />
Artur Ramos: Das melhores coisas que fiz<br />
Graça Lobo: A escrever como não se fala</p>
</blockquote>
<p>&#8211; Peter Hall: Encenar as peças de Harold Pinter<br />
&#8211; Jorge Silva Melo: Rádio, televisão, cinema<br />
&#8211; Graça P. Corrêa: Acerca da peça Câmara Ardente<br />
&#8211; Câmara Ardente de Harold Pinter</p>
