{"id":166,"date":"2011-10-04T10:49:48","date_gmt":"2011-10-04T10:49:48","guid":{"rendered":"http:\/\/localhost\/testes\/produto\/n-18\/"},"modified":"2011-10-04T10:49:48","modified_gmt":"2011-10-04T10:49:48","slug":"n-18","status":"publish","type":"product","link":"https:\/\/artistasunidos.pt\/livrariaonline\/produto\/n-18\/","title":{"rendered":"Revista N\u00ba 18"},"content":{"rendered":"<p><strong>ANTONIO TARANTINO &#8211; DOIS ACTOS PROFANOS<br \/>\n<\/strong><strong>Jorge Silva Melo<\/strong> : \u201cS\u00e3o os tristes, os vis, os oprimidos\u201d, Antonio Tarantino na Capela das M\u00f3nicas<br \/>\n<strong>Conversa com Antonio Tarantino<\/strong>: \u201cEscrever s\u00f3 quando \u00e9 necess\u00e1rio, quando a coisa tem de ser escrita\u201d<br \/>\n<strong>Jos\u00e9 Tolentino Mendon\u00e7a<\/strong> : \u201cProfano e sagrado\u201d<br \/>\n<strong>Elena De Angeli<\/strong>: \u201cO caso Tarantino\u201d<\/p>\n<p><strong>ATELIER EUROPEU DA TRADU\u00c7\u00c3O (AET) &#8211; 6 ANOS DE TRABALHO<br \/>\nJacques Le Ny<\/strong> : \u201cAtelier Europeu da Tradu\u00e7\u00e3o\u201d<br \/>\n<strong>Sebastiana Fadda<\/strong> :\u201cAtelier Europeu da Traduc\u00e7\u00e3o &#8211; Mediador do interc\u00e2mbio teatral internacional\u201d<\/p>\n<p><strong><em>A MATA<\/em> DE JESPER HALLE &#8211; NORUEGA E PORTUGAL<\/strong><\/p>\n<p><strong>Noruegueses em Almada<\/strong> : \u201cH\u00e1 cinco anos, quando as pessoas ouviam a palavra \u2018texto\u2019 ficavam horrorizadas\u201d<br \/>\n<strong>Jesper Halle<\/strong> : \u201cN\u00e3o contem a ningu\u00e9m, mas acho que as minhas pe\u00e7as t\u00eam um problema\u201d<br \/>\n<strong>Conversa com Pedro Carraca<\/strong> : \u201cTodos os espect\u00e1culos nos d\u00e3o prazer, mas\u2026\u201d<br \/>\n<strong>Dois Balan\u00e7os, Daniel Fernandes e Ricardo Carolo<br \/>\nFranzisca Aarflot<\/strong> :\u201cPequena hist\u00f3ria do \u00c5pne Teater\u201d<br \/>\n<strong> IdaLou Larsen<\/strong> : \u201cO teatro noruegu\u00eas em Portugal &#8211; uma apresenta\u00e7\u00e3o\u201d<br \/>\n<strong>Andreia Bento<\/strong> : \u201cDi\u00e1rio de uma visita a terras do norte\u201d <strong>TEATRO PARA GENTE NOVA &#8211; TR\u00caS PERSPECTIVAS<br \/>\n1.Finn Iunker<br \/>\nConversa com Finn Iunker<\/strong> : \u201cAs crian\u00e7as n\u00e3o fazem parte da arte institucional\u201d<br \/>\n<strong>2. Edward Bond<br \/>\nConversa com Ant\u00f3nio Fonseca<\/strong> : \u201c4\u00ba Per\u00edodo &#8211; o do Prazer: Um espa\u00e7o cultural e art\u00edstico sediado no contexto comunit\u00e1rio\u201d<br \/>\n<strong>Conversa com Rita Dur\u00e3o e T\u00f3nan Quito<\/strong> : \u201c\u00c9 isto de estarmos juntos a fazer uma coisa em que se acredita\u201d<br \/>\n<strong>Edward Bond<\/strong> : \u201cA Crian\u00e7a Dram\u00e1tica\u201d<br \/>\nExcertos do programa do espect\u00e1culo <em>Dia de Marte<br \/>\n<\/em><strong>Entrevista a Edward Bond<br \/>\nEdward Bond<\/strong> : <em>Dia de Marte<br \/>\n<\/em><strong>3.. Connections\/ PANOS<br \/>\nConversa com Francisco Fraz\u00e3o<\/strong> : \u201cN\u00f3s c\u00e1, na Culturgest\u201d<br \/>\n<strong>Miguel Castro Caldas<\/strong> : \u201cSemin\u00e1rio PANOS 2006 &#8211; Reportagem com um p\u00e9 l\u00e1 dentro\u201d<br \/>\n<em>Lil\u00e1s<\/em> de Jon Fosse &#8211; Uma pe\u00e7a para adolescentes.<br \/>\n<strong>Conversa com Fausto Paravidino<\/strong> : \u201cP\u00f4r jovens a falar com outros jovens\u201d<br \/>\n<strong>Fausto Paravidino<\/strong> : <em>Amendoins<\/em><\/p>\n","protected":false},"excerpt":{"rendered":"<p>ANTONIO TARANTINO &#8211; DOIS ACTOS PROFANOS Jorge Silva Melo : \u201cS\u00e3o os tristes, os vis, os oprimidos\u201d, Antonio Tarantino na Capela das M\u00f3nicas Conversa com Antonio Tarantino: \u201cEscrever s\u00f3 quando \u00e9 necess\u00e1rio, quando a coisa tem de ser escrita\u201d Jos\u00e9 Tolentino Mendon\u00e7a : \u201cProfano e sagrado\u201d Elena De Angeli: \u201cO caso Tarantino\u201d ATELIER EUROPEU DA [&hellip;]<\/p>\n","protected":false},"featured_media":3441,"template":"","meta":[],"product_brand":[],"product_cat":[88],"product_tag":[],"class_list":{"0":"post-166","1":"product","2":"type-product","3":"status-publish","4":"has-post-thumbnail","6":"product_cat-revistas","8":"first","9":"instock","10":"taxable","11":"shipping-taxable","12":"purchasable","13":"product-type-simple"},"_links":{"self":[{"href":"https:\/\/artistasunidos.pt\/livrariaonline\/wp-json\/wp\/v2\/product\/166","targetHints":{"allow":["GET"]}}],"collection":[{"href":"https:\/\/artistasunidos.pt\/livrariaonline\/wp-json\/wp\/v2\/product"}],"about":[{"href":"https:\/\/artistasunidos.pt\/livrariaonline\/wp-json\/wp\/v2\/types\/product"}],"wp:featuredmedia":[{"embeddable":true,"href":"https:\/\/artistasunidos.pt\/livrariaonline\/wp-json\/wp\/v2\/media\/3441"}],"wp:attachment":[{"href":"https:\/\/artistasunidos.pt\/livrariaonline\/wp-json\/wp\/v2\/media?parent=166"}],"wp:term":[{"taxonomy":"product_brand","embeddable":true,"href":"https:\/\/artistasunidos.pt\/livrariaonline\/wp-json\/wp\/v2\/product_brand?post=166"},{"taxonomy":"product_cat","embeddable":true,"href":"https:\/\/artistasunidos.pt\/livrariaonline\/wp-json\/wp\/v2\/product_cat?post=166"},{"taxonomy":"product_tag","embeddable":true,"href":"https:\/\/artistasunidos.pt\/livrariaonline\/wp-json\/wp\/v2\/product_tag?post=166"}],"curies":[{"name":"wp","href":"https:\/\/api.w.org\/{rel}","templated":true}]}}

Revista Nº 18

<p><strong>ANTONIO TARANTINO &#8211; DOIS ACTOS PROFANOS<br />
</strong><strong>Jorge Silva Melo</strong> : “São os tristes, os vis, os oprimidos”, Antonio Tarantino na Capela das Mónicas<br />
<strong>Conversa com Antonio Tarantino</strong>: “Escrever só quando é necessário, quando a coisa tem de ser escrita”<br />
<strong>José Tolentino Mendonça</strong> : “Profano e sagrado”<br />
<strong>Elena De Angeli</strong>: “O caso Tarantino”</p>
<p><strong>ATELIER EUROPEU DA TRADUÇÃO (AET) &#8211; 6 ANOS DE TRABALHO<br />
Jacques Le Ny</strong> : “Atelier Europeu da Tradução”<br />
<strong>Sebastiana Fadda</strong> :“Atelier Europeu da Traducção &#8211; Mediador do intercâmbio teatral internacional”</p>
<p><strong><em>A MATA</em> DE JESPER HALLE &#8211; NORUEGA E PORTUGAL</strong></p>
<p><strong>Noruegueses em Almada</strong> : “Há cinco anos, quando as pessoas ouviam a palavra ‘texto’ ficavam horrorizadas”<br />
<strong>Jesper Halle</strong> : “Não contem a ninguém, mas acho que as minhas peças têm um problema”<br />
<strong>Conversa com Pedro Carraca</strong> : “Todos os espectáculos nos dão prazer, mas…”<br />
<strong>Dois Balanços, Daniel Fernandes e Ricardo Carolo<br />
Franzisca Aarflot</strong> :“Pequena história do Åpne Teater”<br />
<strong> IdaLou Larsen</strong> : “O teatro norueguês em Portugal &#8211; uma apresentação”<br />
<strong>Andreia Bento</strong> : “Diário de uma visita a terras do norte” <strong>TEATRO PARA GENTE NOVA &#8211; TRÊS PERSPECTIVAS<br />
1.Finn Iunker<br />
Conversa com Finn Iunker</strong> : “As crianças não fazem parte da arte institucional”<br />
<strong>2. Edward Bond<br />
Conversa com António Fonseca</strong> : “4º Período &#8211; o do Prazer: Um espaço cultural e artístico sediado no contexto comunitário”<br />
<strong>Conversa com Rita Durão e Tónan Quito</strong> : “É isto de estarmos juntos a fazer uma coisa em que se acredita”<br />
<strong>Edward Bond</strong> : “A Criança Dramática”<br />
Excertos do programa do espectáculo <em>Dia de Marte<br />
</em><strong>Entrevista a Edward Bond<br />
Edward Bond</strong> : <em>Dia de Marte<br />
</em><strong>3.. Connections/ PANOS<br />
Conversa com Francisco Frazão</strong> : “Nós cá, na Culturgest”<br />
<strong>Miguel Castro Caldas</strong> : “Seminário PANOS 2006 &#8211; Reportagem com um pé lá dentro”<br />
<em>Lilás</em> de Jon Fosse &#8211; Uma peça para adolescentes.<br />
<strong>Conversa com Fausto Paravidino</strong> : “Pôr jovens a falar com outros jovens”<br />
<strong>Fausto Paravidino</strong> : <em>Amendoins</em></p>

<p>ANTONIO TARANTINO &#8211; DOIS ACTOS PROFANOS Jorge Silva Melo : “São os tristes, os vis, os oprimidos”, Antonio Tarantino na Capela das Mónicas Conversa com Antonio Tarantino: “Escrever só quando é necessário, quando a coisa tem de ser escrita” José Tolentino Mendonça : “Profano e sagrado” Elena De Angeli: “O caso Tarantino” ATELIER EUROPEU DA [&hellip;]</p>
