{"id":1686,"date":"2020-11-24T10:15:56","date_gmt":"2020-11-24T10:15:56","guid":{"rendered":"https:\/\/artistasunidos.pt\/livrariaonline\/?post_type=product&#038;p=1686"},"modified":"2026-04-20T20:20:17","modified_gmt":"2026-04-20T20:20:17","slug":"bufalos-leoes-girafas","status":"publish","type":"product","link":"https:\/\/artistasunidos.pt\/livrariaonline\/produto\/bufalos-leoes-girafas\/","title":{"rendered":"B\u00daFALOS\/ LE\u00d5ES\/ GIRAFAS"},"content":{"rendered":"<p>Livrinhos de Teatro n\u00ba 141<br \/>\nUma edi\u00e7\u00e3o Artistas Unidos \/ Livros Cotovia com o apoio Institut Ramon Llull<\/p>\n<p>Um dos mais originais autores europeus, um caso raro de persist\u00eancia e intensidade. Um teatro mesmo dos dias de hoje vindo de uma cidade n\u00e3o muito distante de Lisboa, a misteriosa, s\u00f3rdida, grandiosa Barcelona.<\/p>\n<p>A trilogia Girafas, Le\u00f5es e B\u00fafalos \u00e9 uma f\u00e1bula disfar\u00e7ada para rever as mudan\u00e7as que Barcelona sofreu desde os anos de Franco at\u00e9 o presente.<br \/>\nUm olhar emocionado para uma realidade urbana pr\u00f3xima, observada a\u00a0 partir de um certo voyeurismo a que n\u00e3o falta fasc\u00ednio e empatia. Uma f\u00e1bula contempor\u00e2nea esvaziada de moralismos.<\/p>\n","protected":false},"excerpt":{"rendered":"<p>de Pau Mir\u00f3<\/p>\n","protected":false},"featured_media":1687,"template":"","meta":[],"product_brand":[],"product_cat":[77],"product_tag":[78,85],"class_list":{"0":"post-1686","1":"product","2":"type-product","3":"status-publish","4":"has-post-thumbnail","6":"product_cat-livrinhos-de-teatro","7":"product_tag-livrinhos-de-teatro","8":"product_tag-pau-miro","10":"first","11":"outofstock","12":"taxable","13":"shipping-taxable","14":"purchasable","15":"product-type-simple"},"_links":{"self":[{"href":"https:\/\/artistasunidos.pt\/livrariaonline\/wp-json\/wp\/v2\/product\/1686","targetHints":{"allow":["GET"]}}],"collection":[{"href":"https:\/\/artistasunidos.pt\/livrariaonline\/wp-json\/wp\/v2\/product"}],"about":[{"href":"https:\/\/artistasunidos.pt\/livrariaonline\/wp-json\/wp\/v2\/types\/product"}],"wp:featuredmedia":[{"embeddable":true,"href":"https:\/\/artistasunidos.pt\/livrariaonline\/wp-json\/wp\/v2\/media\/1687"}],"wp:attachment":[{"href":"https:\/\/artistasunidos.pt\/livrariaonline\/wp-json\/wp\/v2\/media?parent=1686"}],"wp:term":[{"taxonomy":"product_brand","embeddable":true,"href":"https:\/\/artistasunidos.pt\/livrariaonline\/wp-json\/wp\/v2\/product_brand?post=1686"},{"taxonomy":"product_cat","embeddable":true,"href":"https:\/\/artistasunidos.pt\/livrariaonline\/wp-json\/wp\/v2\/product_cat?post=1686"},{"taxonomy":"product_tag","embeddable":true,"href":"https:\/\/artistasunidos.pt\/livrariaonline\/wp-json\/wp\/v2\/product_tag?post=1686"}],"curies":[{"name":"wp","href":"https:\/\/api.w.org\/{rel}","templated":true}]}}