{"id":219,"date":"2012-11-19T14:57:34","date_gmt":"2012-11-19T14:57:34","guid":{"rendered":"http:\/\/localhost\/testes\/produto\/o-tempo-a-noite-ilusionistas\/"},"modified":"2026-04-20T20:18:22","modified_gmt":"2026-04-20T20:18:22","slug":"o-tempo-a-noite-ilusionistas","status":"publish","type":"product","link":"https:\/\/artistasunidos.pt\/livrariaonline\/produto\/o-tempo-a-noite-ilusionistas\/","title":{"rendered":"O TEMPO \/ A NOITE \/ ILUSIONISTAS"},"content":{"rendered":"<p>Livrinhos de Teatro n\u00ba 66<\/p>\n<p>Artistas Unidos \/ Livros Cotovia<\/p>\n<p>Tradu\u00e7\u00e3o de \u00c2ngelo de Sousa<\/p>\n<p>As personagens de Lluisa Cunill\u00e9 t\u00eam plena consci\u00eancia de que a sua interac\u00e7\u00e3o \u00e9 um n\u00famero social, parte do espect\u00e1culo da hist\u00f3ria. \u00c9 essa consci\u00eancia do mundo em que est\u00e3o metidos que faz destas personagens verdadeiros her\u00f3is e desta dramaturgia uma obra subtil, mas lancinante. As pe\u00e7as de Cunill\u00e9 falar\u00e3o \u00e0 humanidade durante muito tempo.<br \/>\n<strong>Jorge Loura\u00e7o Figueira, P\u00fablico<\/strong><\/p>\n","protected":false},"excerpt":{"rendered":"<p>de Llu\u00efsa Cunill\u00e9<\/p>\n","protected":false},"featured_media":781,"template":"","meta":[],"product_brand":[],"product_cat":[77],"product_tag":[],"class_list":{"0":"post-219","1":"product","2":"type-product","3":"status-publish","4":"has-post-thumbnail","6":"product_cat-livrinhos-de-teatro","8":"first","9":"instock","10":"taxable","11":"shipping-taxable","12":"purchasable","13":"product-type-simple"},"_links":{"self":[{"href":"https:\/\/artistasunidos.pt\/livrariaonline\/wp-json\/wp\/v2\/product\/219","targetHints":{"allow":["GET"]}}],"collection":[{"href":"https:\/\/artistasunidos.pt\/livrariaonline\/wp-json\/wp\/v2\/product"}],"about":[{"href":"https:\/\/artistasunidos.pt\/livrariaonline\/wp-json\/wp\/v2\/types\/product"}],"wp:featuredmedia":[{"embeddable":true,"href":"https:\/\/artistasunidos.pt\/livrariaonline\/wp-json\/wp\/v2\/media\/781"}],"wp:attachment":[{"href":"https:\/\/artistasunidos.pt\/livrariaonline\/wp-json\/wp\/v2\/media?parent=219"}],"wp:term":[{"taxonomy":"product_brand","embeddable":true,"href":"https:\/\/artistasunidos.pt\/livrariaonline\/wp-json\/wp\/v2\/product_brand?post=219"},{"taxonomy":"product_cat","embeddable":true,"href":"https:\/\/artistasunidos.pt\/livrariaonline\/wp-json\/wp\/v2\/product_cat?post=219"},{"taxonomy":"product_tag","embeddable":true,"href":"https:\/\/artistasunidos.pt\/livrariaonline\/wp-json\/wp\/v2\/product_tag?post=219"}],"curies":[{"name":"wp","href":"https:\/\/api.w.org\/{rel}","templated":true}]}}