{"id":229,"date":"2013-02-19T17:51:49","date_gmt":"2013-02-19T17:51:49","guid":{"rendered":"http:\/\/localhost\/testes\/produto\/mein-kampf-o-branco-judeu-e-o-pele-vermelha-os-canibais\/"},"modified":"2026-04-20T20:18:25","modified_gmt":"2026-04-20T20:18:25","slug":"mein-kampf-o-branco-judeu-e-o-pele-vermelha-os-canibais","status":"publish","type":"product","link":"https:\/\/artistasunidos.pt\/livrariaonline\/produto\/mein-kampf-o-branco-judeu-e-o-pele-vermelha-os-canibais\/","title":{"rendered":"Mein Kampf \/ O Branco Judeu e o Pele Vermelha \/ Os Canibais"},"content":{"rendered":"<p>Livrinhos de Teatro n\u00ba 69<\/p>\n<p>Artistas Unidos\/ Livros Cotovia, Lisboa, Fevereiro de 2013<\/p>\n<p>Mein Kampf\/ O Branco Judeu e o Pele Vermelha\/ Os Canibais<br \/>\nTRADU\u00c7\u00c3O: Ant\u00f3nio Conde e Jos\u00e9 Maria Vieira Mendes<\/p>\n<p>Finalmente editado em Portugu\u00eas, o teatro do genial George Tabori (1914 &#8211; 2007), h\u00fangaro-alem\u00e3o- ingl\u00eas-americano-austr\u00edaco-e de novo alem\u00e3o, judeu que atravessou o s\u00e9culo XX mudando &#8220;mais vezes de terra do que de sapatos&#8221;: ningu\u00e9m conseguiu ser mais c\u00e1ustico do que ele, uma ironia que d\u00f3i.<\/p>\n","protected":false},"excerpt":{"rendered":"<p>de George Tabori<\/p>\n","protected":false},"featured_media":230,"template":"","meta":[],"product_brand":[],"product_cat":[77],"product_tag":[],"class_list":{"0":"post-229","1":"product","2":"type-product","3":"status-publish","4":"has-post-thumbnail","6":"product_cat-livrinhos-de-teatro","8":"first","9":"outofstock","10":"taxable","11":"shipping-taxable","12":"purchasable","13":"product-type-simple"},"_links":{"self":[{"href":"https:\/\/artistasunidos.pt\/livrariaonline\/wp-json\/wp\/v2\/product\/229","targetHints":{"allow":["GET"]}}],"collection":[{"href":"https:\/\/artistasunidos.pt\/livrariaonline\/wp-json\/wp\/v2\/product"}],"about":[{"href":"https:\/\/artistasunidos.pt\/livrariaonline\/wp-json\/wp\/v2\/types\/product"}],"wp:featuredmedia":[{"embeddable":true,"href":"https:\/\/artistasunidos.pt\/livrariaonline\/wp-json\/wp\/v2\/media\/230"}],"wp:attachment":[{"href":"https:\/\/artistasunidos.pt\/livrariaonline\/wp-json\/wp\/v2\/media?parent=229"}],"wp:term":[{"taxonomy":"product_brand","embeddable":true,"href":"https:\/\/artistasunidos.pt\/livrariaonline\/wp-json\/wp\/v2\/product_brand?post=229"},{"taxonomy":"product_cat","embeddable":true,"href":"https:\/\/artistasunidos.pt\/livrariaonline\/wp-json\/wp\/v2\/product_cat?post=229"},{"taxonomy":"product_tag","embeddable":true,"href":"https:\/\/artistasunidos.pt\/livrariaonline\/wp-json\/wp\/v2\/product_tag?post=229"}],"curies":[{"name":"wp","href":"https:\/\/api.w.org\/{rel}","templated":true}]}}

<p>Livrinhos de Teatro nº 69</p>
<p>Artistas Unidos/ Livros Cotovia, Lisboa, Fevereiro de 2013</p>
<p>Mein Kampf/ O Branco Judeu e o Pele Vermelha/ Os Canibais<br />
TRADUÇÃO: António Conde e José Maria Vieira Mendes</p>
<p>Finalmente editado em Português, o teatro do genial George Tabori (1914 &#8211; 2007), húngaro-alemão- inglês-americano-austríaco-e de novo alemão, judeu que atravessou o século XX mudando &#8220;mais vezes de terra do que de sapatos&#8221;: ninguém conseguiu ser mais cáustico do que ele, uma ironia que dói.</p>
