{"id":245,"date":"2013-10-21T10:49:05","date_gmt":"2013-10-21T10:49:05","guid":{"rendered":"http:\/\/localhost\/testes\/produto\/coragem-de-mae-variacoes-goldberg\/"},"modified":"2026-04-20T20:18:43","modified_gmt":"2026-04-20T20:18:43","slug":"coragem-de-mae-variacoes-goldberg","status":"publish","type":"product","link":"https:\/\/artistasunidos.pt\/livrariaonline\/produto\/coragem-de-mae-variacoes-goldberg\/","title":{"rendered":"CORAGEM DE M\u00c3E \/ VARIA\u00c7\u00d5ES GOLDBERG"},"content":{"rendered":"<p>Livrinhos de Teatro n\u00ba 77<\/p>\n<p>Artistas Unidos \/ Livros Cotovia<\/p>\n<p>Tradu\u00e7\u00f5es de Ant\u00f3nio Conde e Maria Ant\u00f3nia Amarante<\/p>\n<p>Judeu e de esquerda, ningu\u00e9m conseguiu ser mais c\u00e1ustico do que o genial h\u00fangaro-ingl\u00eas-americano-alem\u00e3o-austr\u00edaco George Tabori (1914-2007), uma ironia que d\u00f3i.<\/p>\n","protected":false},"excerpt":{"rendered":"<p>de George Tabori<\/p>\n","protected":false},"featured_media":3467,"template":"","meta":[],"product_brand":[],"product_cat":[77],"product_tag":[],"class_list":{"0":"post-245","1":"product","2":"type-product","3":"status-publish","4":"has-post-thumbnail","6":"product_cat-livrinhos-de-teatro","8":"first","9":"instock","10":"taxable","11":"shipping-taxable","12":"purchasable","13":"product-type-simple"},"_links":{"self":[{"href":"https:\/\/artistasunidos.pt\/livrariaonline\/wp-json\/wp\/v2\/product\/245","targetHints":{"allow":["GET"]}}],"collection":[{"href":"https:\/\/artistasunidos.pt\/livrariaonline\/wp-json\/wp\/v2\/product"}],"about":[{"href":"https:\/\/artistasunidos.pt\/livrariaonline\/wp-json\/wp\/v2\/types\/product"}],"wp:featuredmedia":[{"embeddable":true,"href":"https:\/\/artistasunidos.pt\/livrariaonline\/wp-json\/wp\/v2\/media\/3467"}],"wp:attachment":[{"href":"https:\/\/artistasunidos.pt\/livrariaonline\/wp-json\/wp\/v2\/media?parent=245"}],"wp:term":[{"taxonomy":"product_brand","embeddable":true,"href":"https:\/\/artistasunidos.pt\/livrariaonline\/wp-json\/wp\/v2\/product_brand?post=245"},{"taxonomy":"product_cat","embeddable":true,"href":"https:\/\/artistasunidos.pt\/livrariaonline\/wp-json\/wp\/v2\/product_cat?post=245"},{"taxonomy":"product_tag","embeddable":true,"href":"https:\/\/artistasunidos.pt\/livrariaonline\/wp-json\/wp\/v2\/product_tag?post=245"}],"curies":[{"name":"wp","href":"https:\/\/api.w.org\/{rel}","templated":true}]}}