{"id":269,"date":"2015-05-07T15:10:26","date_gmt":"2015-05-07T15:10:26","guid":{"rendered":"http:\/\/localhost\/testes\/produto\/o-prazer-da-honestidade-vestir-os-nus-a-vida-que-te-dei\/"},"modified":"2026-04-20T20:18:51","modified_gmt":"2026-04-20T20:18:51","slug":"o-prazer-da-honestidade-vestir-os-nus-a-vida-que-te-dei","status":"publish","type":"product","link":"https:\/\/artistasunidos.pt\/livrariaonline\/produto\/o-prazer-da-honestidade-vestir-os-nus-a-vida-que-te-dei\/","title":{"rendered":"O PRAZER DA HONESTIDADE\/ VESTIR OS N\u00daS\/ A VIDA QUE TE DEI"},"content":{"rendered":"<p>Livrinhos de Teatro n\u00ba 87<\/p>\n<p>Uma edi\u00e7\u00e3o Artistas Unidos\/ Livros Cotovia<\/p>\n<p>Pe\u00e7as curtas, pe\u00e7as longas: para alguns est\u00e3o aqui os esbo\u00e7os de obras maiores de um dos mais conhecidos (e afinal secretos) autores do s\u00e9culo XX.<\/p>\n","protected":false},"excerpt":{"rendered":"<p>de Luigi Pirandello<\/p>\n","protected":false},"featured_media":776,"template":"","meta":[],"product_brand":[],"product_cat":[77],"product_tag":[],"class_list":{"0":"post-269","1":"product","2":"type-product","3":"status-publish","4":"has-post-thumbnail","6":"product_cat-livrinhos-de-teatro","8":"first","9":"instock","10":"taxable","11":"shipping-taxable","12":"purchasable","13":"product-type-simple"},"_links":{"self":[{"href":"https:\/\/artistasunidos.pt\/livrariaonline\/wp-json\/wp\/v2\/product\/269","targetHints":{"allow":["GET"]}}],"collection":[{"href":"https:\/\/artistasunidos.pt\/livrariaonline\/wp-json\/wp\/v2\/product"}],"about":[{"href":"https:\/\/artistasunidos.pt\/livrariaonline\/wp-json\/wp\/v2\/types\/product"}],"wp:featuredmedia":[{"embeddable":true,"href":"https:\/\/artistasunidos.pt\/livrariaonline\/wp-json\/wp\/v2\/media\/776"}],"wp:attachment":[{"href":"https:\/\/artistasunidos.pt\/livrariaonline\/wp-json\/wp\/v2\/media?parent=269"}],"wp:term":[{"taxonomy":"product_brand","embeddable":true,"href":"https:\/\/artistasunidos.pt\/livrariaonline\/wp-json\/wp\/v2\/product_brand?post=269"},{"taxonomy":"product_cat","embeddable":true,"href":"https:\/\/artistasunidos.pt\/livrariaonline\/wp-json\/wp\/v2\/product_cat?post=269"},{"taxonomy":"product_tag","embeddable":true,"href":"https:\/\/artistasunidos.pt\/livrariaonline\/wp-json\/wp\/v2\/product_tag?post=269"}],"curies":[{"name":"wp","href":"https:\/\/api.w.org\/{rel}","templated":true}]}}