{"id":3486,"date":"2011-09-26T17:08:22","date_gmt":"2011-09-26T17:08:22","guid":{"rendered":"http:\/\/localhost\/testes\/produto\/os-negros\/"},"modified":"2026-04-20T20:17:48","modified_gmt":"2026-04-20T20:17:48","slug":"os-negros","status":"publish","type":"product","link":"https:\/\/artistasunidos.pt\/livrariaonline\/produto\/os-negros\/","title":{"rendered":"OS NEGROS"},"content":{"rendered":"<p>Livrinhos de Teatro n\u00ba 50<\/p>\n<p>Artistas Unidos \/ Livros Cotovia<\/p>\n<p>Tradu\u00e7\u00e3o de Armando Silva Carvalho<\/p>\n<p>Uma reflex\u00e3o barroca e po\u00e9tica sobre a condi\u00e7\u00e3o de negro no Ocidente. A viol\u00eancia da pe\u00e7a, juntamente com as posi\u00e7\u00f5es c\u00edvicas de Genet (um apoiante dos Black Panthers), ajudaram \u00e0 pol\u00e9mica. Uma tremenda, carnavalesca viagem ao cora\u00e7\u00e3o do Outro.<\/p>\n","protected":false},"excerpt":{"rendered":"<p>de Jean Genet<\/p>\n","protected":false},"featured_media":3464,"template":"","meta":[],"product_brand":[],"product_cat":[77],"product_tag":[],"class_list":{"0":"post-3486","1":"product","2":"type-product","3":"status-publish","4":"has-post-thumbnail","6":"product_cat-livrinhos-de-teatro","8":"first","9":"instock","10":"taxable","11":"shipping-taxable","12":"purchasable","13":"product-type-simple"},"_links":{"self":[{"href":"https:\/\/artistasunidos.pt\/livrariaonline\/wp-json\/wp\/v2\/product\/3486","targetHints":{"allow":["GET"]}}],"collection":[{"href":"https:\/\/artistasunidos.pt\/livrariaonline\/wp-json\/wp\/v2\/product"}],"about":[{"href":"https:\/\/artistasunidos.pt\/livrariaonline\/wp-json\/wp\/v2\/types\/product"}],"wp:featuredmedia":[{"embeddable":true,"href":"https:\/\/artistasunidos.pt\/livrariaonline\/wp-json\/wp\/v2\/media\/3464"}],"wp:attachment":[{"href":"https:\/\/artistasunidos.pt\/livrariaonline\/wp-json\/wp\/v2\/media?parent=3486"}],"wp:term":[{"taxonomy":"product_brand","embeddable":true,"href":"https:\/\/artistasunidos.pt\/livrariaonline\/wp-json\/wp\/v2\/product_brand?post=3486"},{"taxonomy":"product_cat","embeddable":true,"href":"https:\/\/artistasunidos.pt\/livrariaonline\/wp-json\/wp\/v2\/product_cat?post=3486"},{"taxonomy":"product_tag","embeddable":true,"href":"https:\/\/artistasunidos.pt\/livrariaonline\/wp-json\/wp\/v2\/product_tag?post=3486"}],"curies":[{"name":"wp","href":"https:\/\/api.w.org\/{rel}","templated":true}]}}

<p>Livrinhos de Teatro nº 50</p>
<p>Artistas Unidos / Livros Cotovia</p>
<p>Tradução de Armando Silva Carvalho</p>
<p>Uma reflexão barroca e poética sobre a condição de negro no Ocidente. A violência da peça, juntamente com as posições cívicas de Genet (um apoiante dos Black Panthers), ajudaram à polémica. Uma tremenda, carnavalesca viagem ao coração do Outro.</p>
