{"id":3488,"date":"2011-10-04T10:36:13","date_gmt":"2011-10-04T10:36:13","guid":{"rendered":"http:\/\/localhost\/testes\/produto\/n-13-marco-2005\/"},"modified":"2011-10-04T10:36:13","modified_gmt":"2011-10-04T10:36:13","slug":"n-13-marco-2005","status":"publish","type":"product","link":"https:\/\/artistasunidos.pt\/livrariaonline\/produto\/n-13-marco-2005\/","title":{"rendered":"Revista N\u00ba 13"},"content":{"rendered":"<p><strong>Glic\u00ednia Quartin<br \/>\n<\/strong>&#8211; \u00c0s vezes, penso nisso: conversas com Glic\u00ednia Quartin<br \/>\n<strong>Voz e Contrabaixo<br \/>\n<\/strong>&#8211; Voz e contrabaixo: uma hist\u00f3ria particular<br \/>\n&#8211; Somos apenas corpo : conversa com Edoardo Sanguineti e Stefano Scodanibbio<br \/>\n&#8211; Edoardo Sanguineti: a dimens\u00e3o da m\u00fasica por Maria Dolores Pesce<br \/>\n&#8211; A voz \u00e9 corpo: uma entrevista a Edoardo Sanguineti por Maria Dolores Pesce<br \/>\n<strong>Os Dias Levantados<\/strong><em><br \/>\n<\/em> &#8211; Tornar-se outro: conversa com Manuel Gusm\u00e3o<br \/>\n&#8211; as notas de Ant\u00f3nio Pinho Vargas<\/p>\n<p><strong>Constan\u00e7a Capdeville<\/strong><br \/>\n&#8211; Esbo\u00e7os da vida e obra: Maria Jo\u00e3o Serr\u00e3o<br \/>\n&#8211; Amanh\u00e3 c\u00e1 estaremos &#8211; lembran\u00e7as de quem trabalhou com Constan\u00e7a: Lu\u00eds Madureira<br \/>\n<strong>&#8211; Depois da explos\u00e3o : Jorge Silva Melo<\/strong><br \/>\n<strong>De Viva Voz &#8211; Lagarce, Kane, Fosse<br \/>\nJean-Luc Lagarce<\/strong><br \/>\n&#8211; Autobiografia<br \/>\n<strong>&#8211; <\/strong> Tamb\u00e9m nessa noite estaremos serenos<br \/>\n<strong>&#8211; <\/strong> Como \u00e9 que escrevo<br \/>\n&#8211; Do luxo e da impot\u00eancia<br \/>\n&#8211; Dizer esta recusa da inquieta\u00e7\u00e3o<strong><br \/>\n&#8211; <\/strong> Uma coisa \u00edntima e que n\u00e3o conhecem: conversa com Fran\u00e7ois Berreur<strong><br \/>\n&#8211; <\/strong> Carta aos actores que em Lisboa fazem T\u00e3o S\u00f3 o Fim do Mundo: Mireille Herbstmeyer<br \/>\n<strong>Sarah Kane &#8211; Os que com Sarah Kane trabalharam<br \/>\n<\/strong>&#8211; James MacDonald<br \/>\n&#8211; Vicky Feathherstone<br \/>\n&#8211; Nils Tabert<br \/>\n<strong>Hip\u00f3lito portador de pe\u00fagas: <\/strong>Francisco Fraz\u00e3o<br \/>\n<strong>Jon Fosse<br \/>\n<\/strong>&#8211; Sobre mim como dramaturgo<strong><br \/>\n<\/strong> Quando \u00e9 que nos vimos da \u00faltima vez?: encontro com Jon Fosse e Lars Nor\u00e9n<br \/>\n<strong>Os que Andam por A\u00ed Afirmando-se (I) <\/strong><strong><br \/>\n&#8211; <\/strong> Primeiros Sintomas &#8211; Um luxo <strong><br \/>\n&#8211; <\/strong> TeatroPraga &#8211; Sintonia Des-sintonizada<br \/>\n<strong>Enda Walsh<br \/>\n<\/strong>&#8211; Espa\u00e7o para uma conversa honesta: conversa com John Tiffany e Enda Walsh<br \/>\n&#8211; Texto Disco Pigs<\/p>\n","protected":false},"excerpt":{"rendered":"<p>(Mar\u00e7o 2005)<\/p>\n","protected":false},"featured_media":3440,"template":"","meta":[],"product_brand":[],"product_cat":[88],"product_tag":[],"class_list":{"0":"post-3488","1":"product","2":"type-product","3":"status-publish","4":"has-post-thumbnail","6":"product_cat-revistas","8":"first","9":"instock","10":"taxable","11":"shipping-taxable","12":"purchasable","13":"product-type-simple"},"_links":{"self":[{"href":"https:\/\/artistasunidos.pt\/livrariaonline\/wp-json\/wp\/v2\/product\/3488","targetHints":{"allow":["GET"]}}],"collection":[{"href":"https:\/\/artistasunidos.pt\/livrariaonline\/wp-json\/wp\/v2\/product"}],"about":[{"href":"https:\/\/artistasunidos.pt\/livrariaonline\/wp-json\/wp\/v2\/types\/product"}],"wp:featuredmedia":[{"embeddable":true,"href":"https:\/\/artistasunidos.pt\/livrariaonline\/wp-json\/wp\/v2\/media\/3440"}],"wp:attachment":[{"href":"https:\/\/artistasunidos.pt\/livrariaonline\/wp-json\/wp\/v2\/media?parent=3488"}],"wp:term":[{"taxonomy":"product_brand","embeddable":true,"href":"https:\/\/artistasunidos.pt\/livrariaonline\/wp-json\/wp\/v2\/product_brand?post=3488"},{"taxonomy":"product_cat","embeddable":true,"href":"https:\/\/artistasunidos.pt\/livrariaonline\/wp-json\/wp\/v2\/product_cat?post=3488"},{"taxonomy":"product_tag","embeddable":true,"href":"https:\/\/artistasunidos.pt\/livrariaonline\/wp-json\/wp\/v2\/product_tag?post=3488"}],"curies":[{"name":"wp","href":"https:\/\/api.w.org\/{rel}","templated":true}]}}

Revista Nº 13

<p><strong>Glicínia Quartin<br />
</strong>&#8211; Às vezes, penso nisso: conversas com Glicínia Quartin<br />
<strong>Voz e Contrabaixo<br />
</strong>&#8211; Voz e contrabaixo: uma história particular<br />
&#8211; Somos apenas corpo : conversa com Edoardo Sanguineti e Stefano Scodanibbio<br />
&#8211; Edoardo Sanguineti: a dimensão da música por Maria Dolores Pesce<br />
&#8211; A voz é corpo: uma entrevista a Edoardo Sanguineti por Maria Dolores Pesce<br />
<strong>Os Dias Levantados</strong><em><br />
</em> &#8211; Tornar-se outro: conversa com Manuel Gusmão<br />
&#8211; as notas de António Pinho Vargas</p>
<p><strong>Constança Capdeville</strong><br />
&#8211; Esboços da vida e obra: Maria João Serrão<br />
&#8211; Amanhã cá estaremos &#8211; lembranças de quem trabalhou com Constança: Luís Madureira<br />
<strong>&#8211; Depois da explosão : Jorge Silva Melo</strong><br />
<strong>De Viva Voz &#8211; Lagarce, Kane, Fosse<br />
Jean-Luc Lagarce</strong><br />
&#8211; Autobiografia<br />
<strong>&#8211; </strong> Também nessa noite estaremos serenos<br />
<strong>&#8211; </strong> Como é que escrevo<br />
&#8211; Do luxo e da impotência<br />
&#8211; Dizer esta recusa da inquietação<strong><br />
&#8211; </strong> Uma coisa íntima e que não conhecem: conversa com François Berreur<strong><br />
&#8211; </strong> Carta aos actores que em Lisboa fazem Tão Só o Fim do Mundo: Mireille Herbstmeyer<br />
<strong>Sarah Kane &#8211; Os que com Sarah Kane trabalharam<br />
</strong>&#8211; James MacDonald<br />
&#8211; Vicky Feathherstone<br />
&#8211; Nils Tabert<br />
<strong>Hipólito portador de peúgas: </strong>Francisco Frazão<br />
<strong>Jon Fosse<br />
</strong>&#8211; Sobre mim como dramaturgo<strong><br />
</strong> Quando é que nos vimos da última vez?: encontro com Jon Fosse e Lars Norén<br />
<strong>Os que Andam por Aí Afirmando-se (I) </strong><strong><br />
&#8211; </strong> Primeiros Sintomas &#8211; Um luxo <strong><br />
&#8211; </strong> TeatroPraga &#8211; Sintonia Des-sintonizada<br />
<strong>Enda Walsh<br />
</strong>&#8211; Espaço para uma conversa honesta: conversa com John Tiffany e Enda Walsh<br />
&#8211; Texto Disco Pigs</p>

<p>(Março 2005)</p>
