{"id":3494,"date":"2013-02-19T17:54:11","date_gmt":"2013-02-19T17:54:11","guid":{"rendered":"http:\/\/localhost\/testes\/produto\/a-porta-fechada-a-p-respeitadora\/"},"modified":"2026-04-20T20:18:26","modified_gmt":"2026-04-20T20:18:26","slug":"a-porta-fechada-a-p-respeitadora","status":"publish","type":"product","link":"https:\/\/artistasunidos.pt\/livrariaonline\/produto\/a-porta-fechada-a-p-respeitadora\/","title":{"rendered":"\u00c0 PORTA FECHADA \/ A P&#8230; RESPEITADORA"},"content":{"rendered":"<p>Livrinho n\u00ba 70<\/p>\n<p>Artistas Unidos\/ Livros Cotovia, Lisboa, Fevereiro de 2013<\/p>\n<p>\u00c0 Porta Fechada\/ A P&#8230; Respeitadora<br \/>\nTRADU\u00c7\u00d5ES: Virg\u00ednia e Artur Ramos e Regina Guimar\u00e3es<\/p>\n<p>O teatro moral e filos\u00f3fico de Jean-Paul Sartre. Duas pe\u00e7as em um acto. Durante d\u00e9cadas n\u00e3o se podia viver sem ele. E agora?<\/p>\n","protected":false},"excerpt":{"rendered":"<p>de Jean-Paul Sartre<\/p>\n","protected":false},"featured_media":232,"template":"","meta":[],"product_brand":[],"product_cat":[77],"product_tag":[],"class_list":{"0":"post-3494","1":"product","2":"type-product","3":"status-publish","4":"has-post-thumbnail","6":"product_cat-livrinhos-de-teatro","8":"first","9":"outofstock","10":"taxable","11":"shipping-taxable","12":"purchasable","13":"product-type-simple"},"_links":{"self":[{"href":"https:\/\/artistasunidos.pt\/livrariaonline\/wp-json\/wp\/v2\/product\/3494","targetHints":{"allow":["GET"]}}],"collection":[{"href":"https:\/\/artistasunidos.pt\/livrariaonline\/wp-json\/wp\/v2\/product"}],"about":[{"href":"https:\/\/artistasunidos.pt\/livrariaonline\/wp-json\/wp\/v2\/types\/product"}],"wp:featuredmedia":[{"embeddable":true,"href":"https:\/\/artistasunidos.pt\/livrariaonline\/wp-json\/wp\/v2\/media\/232"}],"wp:attachment":[{"href":"https:\/\/artistasunidos.pt\/livrariaonline\/wp-json\/wp\/v2\/media?parent=3494"}],"wp:term":[{"taxonomy":"product_brand","embeddable":true,"href":"https:\/\/artistasunidos.pt\/livrariaonline\/wp-json\/wp\/v2\/product_brand?post=3494"},{"taxonomy":"product_cat","embeddable":true,"href":"https:\/\/artistasunidos.pt\/livrariaonline\/wp-json\/wp\/v2\/product_cat?post=3494"},{"taxonomy":"product_tag","embeddable":true,"href":"https:\/\/artistasunidos.pt\/livrariaonline\/wp-json\/wp\/v2\/product_tag?post=3494"}],"curies":[{"name":"wp","href":"https:\/\/api.w.org\/{rel}","templated":true}]}}