{"id":3495,"date":"2014-08-25T10:44:17","date_gmt":"2014-08-25T10:44:17","guid":{"rendered":"http:\/\/localhost\/testes\/produto\/a-paranoia-a-teimosia\/"},"modified":"2026-04-17T08:45:02","modified_gmt":"2026-04-17T08:45:02","slug":"a-paranoia-a-teimosia","status":"publish","type":"product","link":"https:\/\/artistasunidos.pt\/livrariaonline\/produto\/a-paranoia-a-teimosia\/","title":{"rendered":"A PARAN\u00d3IA \/ A TEIMOSIA"},"content":{"rendered":"<p>Livrinhos de Teatro n\u00ba 82<\/p>\n<p>Artistas Unidos\/ Livros Cotovia<\/p>\n<p>Tradu\u00e7\u00f5es publicadas no \u00e2mbito do Programa Sur de Apoio A Tradu\u00e7\u00f5es do Minist\u00e9rio dos Neg\u00f3cios Estrangeiros da Rep\u00fablica da Argentina.<\/p>\n<p>\u00daltimas pe\u00e7as do ciclo inspirado nos 7 PECADOS MORTAIS de Jer\u00f3nimo Bosch: burlesco, tr\u00e1gico, c\u00f3mico, dram\u00e1tico, grotesto, o teatro supreendente vindo da Crise na Argentina. E um autor maior: Rafael Spregelburd.<\/p>\n","protected":false},"excerpt":{"rendered":"<p style=\"margin-bottom: 0cm; line-height: 100%;\">de Rafael Spregelburd<\/p>\n","protected":false},"featured_media":769,"template":"","meta":[],"product_brand":[],"product_cat":[77],"product_tag":[],"class_list":{"0":"post-3495","1":"product","2":"type-product","3":"status-publish","4":"has-post-thumbnail","6":"product_cat-livrinhos-de-teatro","8":"first","9":"instock","10":"taxable","11":"shipping-taxable","12":"purchasable","13":"product-type-simple"},"_links":{"self":[{"href":"https:\/\/artistasunidos.pt\/livrariaonline\/wp-json\/wp\/v2\/product\/3495","targetHints":{"allow":["GET"]}}],"collection":[{"href":"https:\/\/artistasunidos.pt\/livrariaonline\/wp-json\/wp\/v2\/product"}],"about":[{"href":"https:\/\/artistasunidos.pt\/livrariaonline\/wp-json\/wp\/v2\/types\/product"}],"wp:featuredmedia":[{"embeddable":true,"href":"https:\/\/artistasunidos.pt\/livrariaonline\/wp-json\/wp\/v2\/media\/769"}],"wp:attachment":[{"href":"https:\/\/artistasunidos.pt\/livrariaonline\/wp-json\/wp\/v2\/media?parent=3495"}],"wp:term":[{"taxonomy":"product_brand","embeddable":true,"href":"https:\/\/artistasunidos.pt\/livrariaonline\/wp-json\/wp\/v2\/product_brand?post=3495"},{"taxonomy":"product_cat","embeddable":true,"href":"https:\/\/artistasunidos.pt\/livrariaonline\/wp-json\/wp\/v2\/product_cat?post=3495"},{"taxonomy":"product_tag","embeddable":true,"href":"https:\/\/artistasunidos.pt\/livrariaonline\/wp-json\/wp\/v2\/product_tag?post=3495"}],"curies":[{"name":"wp","href":"https:\/\/api.w.org\/{rel}","templated":true}]}}