{"id":3497,"date":"2014-11-24T10:10:11","date_gmt":"2014-11-24T10:10:11","guid":{"rendered":"http:\/\/localhost\/testes\/produto\/agamemnon-vim-do-supermercado-e-dei-porrada-ao-meu-filho-e-outras-pecas-2\/"},"modified":"2026-04-20T20:18:49","modified_gmt":"2026-04-20T20:18:49","slug":"agamemnon-vim-do-supermercado-e-dei-porrada-ao-meu-filho-e-outras-pecas-2","status":"publish","type":"product","link":"https:\/\/artistasunidos.pt\/livrariaonline\/produto\/agamemnon-vim-do-supermercado-e-dei-porrada-ao-meu-filho-e-outras-pecas-2\/","title":{"rendered":"AGAM\u00c9MNON vim do supermercado e dei porrada ao meu filho e outras pe\u00e7as"},"content":{"rendered":"<p>Livrinhos de Teatro n\u00ba 84<\/p>\n<p>Artistas Unidos \/ Livros Cotovia<\/p>\n<p>Pensou-se durante anos que os textos que Rodrigo Garcia escreve para os espect\u00e1culos que cria seriam textos de circunst\u00e2ncia de um autor-de-palco. Mas as muitas montagens que foram sendo feitas nomeadamente em Fran\u00e7a e em Portugal revelam que \u00e9 autor de um teatro intenso, liter\u00e1rio, uma ap\u00f3strofe vital, uma impreca\u00e7\u00e3o. A ler e a fazer.<\/p>\n","protected":false},"excerpt":{"rendered":"<p>de Rodrigo Garc\u00eda<\/p>\n","protected":false},"featured_media":3444,"template":"","meta":[],"product_brand":[],"product_cat":[77],"product_tag":[],"class_list":{"0":"post-3497","1":"product","2":"type-product","3":"status-publish","4":"has-post-thumbnail","6":"product_cat-livrinhos-de-teatro","8":"first","9":"outofstock","10":"taxable","11":"shipping-taxable","12":"purchasable","13":"product-type-simple"},"_links":{"self":[{"href":"https:\/\/artistasunidos.pt\/livrariaonline\/wp-json\/wp\/v2\/product\/3497","targetHints":{"allow":["GET"]}}],"collection":[{"href":"https:\/\/artistasunidos.pt\/livrariaonline\/wp-json\/wp\/v2\/product"}],"about":[{"href":"https:\/\/artistasunidos.pt\/livrariaonline\/wp-json\/wp\/v2\/types\/product"}],"wp:featuredmedia":[{"embeddable":true,"href":"https:\/\/artistasunidos.pt\/livrariaonline\/wp-json\/wp\/v2\/media\/3444"}],"wp:attachment":[{"href":"https:\/\/artistasunidos.pt\/livrariaonline\/wp-json\/wp\/v2\/media?parent=3497"}],"wp:term":[{"taxonomy":"product_brand","embeddable":true,"href":"https:\/\/artistasunidos.pt\/livrariaonline\/wp-json\/wp\/v2\/product_brand?post=3497"},{"taxonomy":"product_cat","embeddable":true,"href":"https:\/\/artistasunidos.pt\/livrariaonline\/wp-json\/wp\/v2\/product_cat?post=3497"},{"taxonomy":"product_tag","embeddable":true,"href":"https:\/\/artistasunidos.pt\/livrariaonline\/wp-json\/wp\/v2\/product_tag?post=3497"}],"curies":[{"name":"wp","href":"https:\/\/api.w.org\/{rel}","templated":true}]}}