{"id":3500,"date":"2017-11-08T15:39:15","date_gmt":"2017-11-08T15:39:15","guid":{"rendered":"http:\/\/www.artistasunidos.pt\/livrariateste\/?post_type=product&#038;p=851"},"modified":"2026-04-20T20:17:05","modified_gmt":"2026-04-20T20:17:05","slug":"a-vertigem-dos-animais-antes-do-abate-morro-como-pais-procedimentos-de-regularizacao-de-diferencas-o-i-h","status":"publish","type":"product","link":"https:\/\/artistasunidos.pt\/livrariaonline\/produto\/a-vertigem-dos-animais-antes-do-abate-morro-como-pais-procedimentos-de-regularizacao-de-diferencas-o-i-h\/","title":{"rendered":"A VERTIGEM DOS ANIMAIS ANTES DO ABATE \/ MORRO COMO PA\u00cdS \/PROCEDIMENTOS DE REGULARIZA\u00c7\u00c3O DE DIFEREN\u00c7AS \/ O.I.H"},"content":{"rendered":"<p>Livrinhos de Teatro n\u00ba 18<\/p>\n<p>Artistas Unidos\/ Livros Cotovia,<\/p>\n<p>Tradu\u00e7\u00f5es de Jos\u00e9 Ant\u00f3nio Costa Ideias<\/p>\n<p>O mais interessante autor da Gr\u00e9cia Contempor\u00e2nea, extraordin\u00e1rio inventor teatral, ele que nos disse &#8220;a nossa tarefa \u00e9 voltar a fazer habitar os palcos que Beckett esvaziou para sempre&#8221;. Uma escrita teatral que aguarda palco &#8211; e tem de ser em breve.<\/p>\n","protected":false},"excerpt":{"rendered":"<p>de Dim\u00edtris Dimitr\u00edadis<\/p>\n","protected":false},"featured_media":3452,"template":"","meta":[],"product_brand":[],"product_cat":[77],"product_tag":[],"class_list":{"0":"post-3500","1":"product","2":"type-product","3":"status-publish","4":"has-post-thumbnail","6":"product_cat-livrinhos-de-teatro","8":"first","9":"outofstock","10":"taxable","11":"shipping-taxable","12":"purchasable","13":"product-type-simple"},"_links":{"self":[{"href":"https:\/\/artistasunidos.pt\/livrariaonline\/wp-json\/wp\/v2\/product\/3500","targetHints":{"allow":["GET"]}}],"collection":[{"href":"https:\/\/artistasunidos.pt\/livrariaonline\/wp-json\/wp\/v2\/product"}],"about":[{"href":"https:\/\/artistasunidos.pt\/livrariaonline\/wp-json\/wp\/v2\/types\/product"}],"wp:featuredmedia":[{"embeddable":true,"href":"https:\/\/artistasunidos.pt\/livrariaonline\/wp-json\/wp\/v2\/media\/3452"}],"wp:attachment":[{"href":"https:\/\/artistasunidos.pt\/livrariaonline\/wp-json\/wp\/v2\/media?parent=3500"}],"wp:term":[{"taxonomy":"product_brand","embeddable":true,"href":"https:\/\/artistasunidos.pt\/livrariaonline\/wp-json\/wp\/v2\/product_brand?post=3500"},{"taxonomy":"product_cat","embeddable":true,"href":"https:\/\/artistasunidos.pt\/livrariaonline\/wp-json\/wp\/v2\/product_cat?post=3500"},{"taxonomy":"product_tag","embeddable":true,"href":"https:\/\/artistasunidos.pt\/livrariaonline\/wp-json\/wp\/v2\/product_tag?post=3500"}],"curies":[{"name":"wp","href":"https:\/\/api.w.org\/{rel}","templated":true}]}}