{"id":3502,"date":"2017-11-08T15:51:00","date_gmt":"2017-11-08T15:51:00","guid":{"rendered":"http:\/\/www.artistasunidos.pt\/livrariateste\/?post_type=product&#038;p=863"},"modified":"2026-04-20T20:17:10","modified_gmt":"2026-04-20T20:17:10","slug":"a-minha-mulher-onde-vamos-morar","status":"publish","type":"product","link":"https:\/\/artistasunidos.pt\/livrariaonline\/produto\/a-minha-mulher-onde-vamos-morar\/","title":{"rendered":"A MINHA MULHER \/ ONDE VAMOS MORAR"},"content":{"rendered":"<div id=\"idTab1\" class=\"rte\">\n<p>Livrinhos de Teatro n\u00ba 24<\/p>\n<p>Artistas Unidos\/ Livros Cotovia<\/p>\n<p><strong>A MINHA MULHER<\/strong><\/p>\n<p><strong><em>A Minha Mulher<\/em><\/strong><strong>, que venceu o Pr\u00e9mio Ant\u00f3nio Jos\u00e9 da Silva, \u00e9 a segunda parte de uma trilogia. Qual \u00e9 o fio condutor destas tr\u00eas pe\u00e7as \u2013 <em>O Avarento<\/em>, <em>A Minha Mulher<\/em> e <em>Onde Vamos Morar<\/em>?<\/strong><strong><br \/>\n<\/strong>A ordem seria <em>A Minha Mulher<\/em>, <em>O Avarento<\/em> e <em>Onde Vamos Morar<\/em>. Pais e filhos seria o tema comum. Abri com <em>A Minha Mulher<\/em>, abordando o tema de um modo mais particular, mais \u201cfamiliar\u201d, e tentando pensar sobre a rela\u00e7\u00e3o entre pais e filhos no meu tempo e no meu pa\u00eds. H\u00e1 tempos ouvi Bruno Tackels, cr\u00edtico e fil\u00f3sofo franc\u00eas, numa confer\u00eancia dedicada ao dramaturgo Jean-Luc Lagarce, falar de uma gera\u00e7\u00e3o sem pais, ou onde os filhos se acham de certo modo \u00f3rf\u00e3os, porque o \u201cpai\u201d deixou de desempenhar o papel de muro a abater. \u00c9 um pai que n\u00e3o quer ser pai. \u00c9 esse o doce dilema da minha gera\u00e7\u00e3o, parece-me. Se em <em>A Minha Mulher<\/em> o filho se acha incapaz de abater o pai, sucumbindo ele pr\u00f3prio perante o seu dilema, em <em>O Avarento<\/em> o filho expulsa o pai de casa criando um espa\u00e7o para si. J\u00e1 em <em>Onde Vamos Morar<\/em> a reconcilia\u00e7\u00e3o parece ser o mote, embora a orfandade tenha nessa pe\u00e7a maior peso do que nas outras duas. Isto \u00e9 o que est\u00e1 por tr\u00e1s destas pe\u00e7as, mas preferia que n\u00e3o se tomasse esta informa\u00e7\u00e3o como normativa e implacavelmente verdadeira.<\/p>\n<p>(&#8230;) A ideia da repeti\u00e7\u00e3o surge na escrita de A Minha Mulher, que abre a trilogia. As outras duas pe\u00e7as surgem depois contagiadas por esta ideia. Apareceu como mecanismo de escrita (sempre quis fazer uma pe\u00e7a inspirada na ideia das \u201cVaria\u00e7\u00f5es\u201d musicais \u2013 e Bach ser\u00e1 o exemplo mais conhecido). Interessava-me trabalhar uma segunda parte da pe\u00e7a que repetisse a primeira, cujas cenas come\u00e7assem em ambas as partes com as mesmas falas, mas uma pequena varia\u00e7\u00e3o contribu\u00edsse para uma guinada e um acrescento narrativo. Apareceu depois Kierkegaard que me ajudou a ligar a ideia da repeti\u00e7\u00e3o \u00e0 ideia da recorda\u00e7\u00e3o. Quando recordamos estamos necessariamente a repetir, s\u00f3 que h\u00e1 sempre qualquer coisa que falha, porque n\u00e3o h\u00e1 recorda\u00e7\u00e3o perfeita, sobretudo a partir do momento em que a linguagem, elemento necess\u00e1rio e intermedi\u00e1rio, se interp\u00f5e para concretizar.<\/p>\n<p><em>O teatro \u00e9 \u2018o evento\u2019, \u00fanico, irrepet\u00edvel<\/em>, Entrevista a Jos\u00e9 Maria Vieira Mendes por Margarida Gil dos Reis<\/p>\n<\/div>\n","protected":false},"excerpt":{"rendered":"<p>de Jos\u00e9 Maria Vieira Mendes<\/p>\n","protected":false},"featured_media":3457,"template":"","meta":[],"product_brand":[],"product_cat":[77],"product_tag":[],"class_list":{"0":"post-3502","1":"product","2":"type-product","3":"status-publish","4":"has-post-thumbnail","6":"product_cat-livrinhos-de-teatro","8":"first","9":"outofstock","10":"taxable","11":"shipping-taxable","12":"purchasable","13":"product-type-simple"},"_links":{"self":[{"href":"https:\/\/artistasunidos.pt\/livrariaonline\/wp-json\/wp\/v2\/product\/3502","targetHints":{"allow":["GET"]}}],"collection":[{"href":"https:\/\/artistasunidos.pt\/livrariaonline\/wp-json\/wp\/v2\/product"}],"about":[{"href":"https:\/\/artistasunidos.pt\/livrariaonline\/wp-json\/wp\/v2\/types\/product"}],"wp:featuredmedia":[{"embeddable":true,"href":"https:\/\/artistasunidos.pt\/livrariaonline\/wp-json\/wp\/v2\/media\/3457"}],"wp:attachment":[{"href":"https:\/\/artistasunidos.pt\/livrariaonline\/wp-json\/wp\/v2\/media?parent=3502"}],"wp:term":[{"taxonomy":"product_brand","embeddable":true,"href":"https:\/\/artistasunidos.pt\/livrariaonline\/wp-json\/wp\/v2\/product_brand?post=3502"},{"taxonomy":"product_cat","embeddable":true,"href":"https:\/\/artistasunidos.pt\/livrariaonline\/wp-json\/wp\/v2\/product_cat?post=3502"},{"taxonomy":"product_tag","embeddable":true,"href":"https:\/\/artistasunidos.pt\/livrariaonline\/wp-json\/wp\/v2\/product_tag?post=3502"}],"curies":[{"name":"wp","href":"https:\/\/api.w.org\/{rel}","templated":true}]}}

<div id="idTab1" class="rte">
<p>Livrinhos de Teatro nº 24</p>
<p>Artistas Unidos/ Livros Cotovia</p>
<p><strong>A MINHA MULHER</strong></p>
<p><strong><em>A Minha Mulher</em></strong><strong>, que venceu o Prémio António José da Silva, é a segunda parte de uma trilogia. Qual é o fio condutor destas três peças – <em>O Avarento</em>, <em>A Minha Mulher</em> e <em>Onde Vamos Morar</em>?</strong><strong><br />
</strong>A ordem seria <em>A Minha Mulher</em>, <em>O Avarento</em> e <em>Onde Vamos Morar</em>. Pais e filhos seria o tema comum. Abri com <em>A Minha Mulher</em>, abordando o tema de um modo mais particular, mais “familiar”, e tentando pensar sobre a relação entre pais e filhos no meu tempo e no meu país. Há tempos ouvi Bruno Tackels, crítico e filósofo francês, numa conferência dedicada ao dramaturgo Jean-Luc Lagarce, falar de uma geração sem pais, ou onde os filhos se acham de certo modo órfãos, porque o “pai” deixou de desempenhar o papel de muro a abater. É um pai que não quer ser pai. É esse o doce dilema da minha geração, parece-me. Se em <em>A Minha Mulher</em> o filho se acha incapaz de abater o pai, sucumbindo ele próprio perante o seu dilema, em <em>O Avarento</em> o filho expulsa o pai de casa criando um espaço para si. Já em <em>Onde Vamos Morar</em> a reconciliação parece ser o mote, embora a orfandade tenha nessa peça maior peso do que nas outras duas. Isto é o que está por trás destas peças, mas preferia que não se tomasse esta informação como normativa e implacavelmente verdadeira.</p>
<p>(&#8230;) A ideia da repetição surge na escrita de A Minha Mulher, que abre a trilogia. As outras duas peças surgem depois contagiadas por esta ideia. Apareceu como mecanismo de escrita (sempre quis fazer uma peça inspirada na ideia das “Variações” musicais – e Bach será o exemplo mais conhecido). Interessava-me trabalhar uma segunda parte da peça que repetisse a primeira, cujas cenas começassem em ambas as partes com as mesmas falas, mas uma pequena variação contribuísse para uma guinada e um acrescento narrativo. Apareceu depois Kierkegaard que me ajudou a ligar a ideia da repetição à ideia da recordação. Quando recordamos estamos necessariamente a repetir, só que há sempre qualquer coisa que falha, porque não há recordação perfeita, sobretudo a partir do momento em que a linguagem, elemento necessário e intermediário, se interpõe para concretizar.</p>
<p><em>O teatro é ‘o evento’, único, irrepetível</em>, Entrevista a José Maria Vieira Mendes por Margarida Gil dos Reis</p>
</div>

<p>de José Maria Vieira Mendes</p>
