{"id":3814,"date":"2026-02-13T16:01:18","date_gmt":"2026-02-13T16:01:18","guid":{"rendered":"https:\/\/livrariaonline.local\/?post_type=product&#038;p=3814"},"modified":"2026-04-20T20:21:28","modified_gmt":"2026-04-20T20:21:28","slug":"o-percevejo","status":"publish","type":"product","link":"https:\/\/artistasunidos.pt\/livrariaonline\/produto\/o-percevejo\/","title":{"rendered":"O PERCEVEJO"},"content":{"rendered":"<p>Livrinhos de Teatro n\u00ba 188<\/p>\n<p>Uma edi\u00e7\u00e3o Artistas Unidos\/ Livros Snob<\/p>\n<p>Figura maior da avant-garde, para quem arte e pol\u00edtica deviam andar sempre lado a lado, Maiakovski ficou mais conhecido pela sua poesia, mas o seu g\u00e9nio foi bem mais longe, tamb\u00e9m no teatro.<\/p>\n<p>SA\u00cdDA em Maio 2025<\/p>\n<p>ISBN &#8211; 978-989-35623-8-3<\/p>\n","protected":false},"excerpt":{"rendered":"<p>de Vladimir Maiakovski<\/p>\n","protected":false},"featured_media":3833,"template":"","meta":[],"product_brand":[],"product_cat":[77],"product_tag":[78,106],"class_list":{"0":"post-3814","1":"product","2":"type-product","3":"status-publish","4":"has-post-thumbnail","6":"product_cat-livrinhos-de-teatro","7":"product_tag-livrinhos-de-teatro","8":"product_tag-vladimir-maiakovski","10":"first","11":"instock","12":"featured","13":"taxable","14":"shipping-taxable","15":"purchasable","16":"product-type-simple"},"_links":{"self":[{"href":"https:\/\/artistasunidos.pt\/livrariaonline\/wp-json\/wp\/v2\/product\/3814","targetHints":{"allow":["GET"]}}],"collection":[{"href":"https:\/\/artistasunidos.pt\/livrariaonline\/wp-json\/wp\/v2\/product"}],"about":[{"href":"https:\/\/artistasunidos.pt\/livrariaonline\/wp-json\/wp\/v2\/types\/product"}],"wp:featuredmedia":[{"embeddable":true,"href":"https:\/\/artistasunidos.pt\/livrariaonline\/wp-json\/wp\/v2\/media\/3833"}],"wp:attachment":[{"href":"https:\/\/artistasunidos.pt\/livrariaonline\/wp-json\/wp\/v2\/media?parent=3814"}],"wp:term":[{"taxonomy":"product_brand","embeddable":true,"href":"https:\/\/artistasunidos.pt\/livrariaonline\/wp-json\/wp\/v2\/product_brand?post=3814"},{"taxonomy":"product_cat","embeddable":true,"href":"https:\/\/artistasunidos.pt\/livrariaonline\/wp-json\/wp\/v2\/product_cat?post=3814"},{"taxonomy":"product_tag","embeddable":true,"href":"https:\/\/artistasunidos.pt\/livrariaonline\/wp-json\/wp\/v2\/product_tag?post=3814"}],"curies":[{"name":"wp","href":"https:\/\/api.w.org\/{rel}","templated":true}]}}