{"id":3815,"date":"2026-02-13T16:01:18","date_gmt":"2026-02-13T16:01:18","guid":{"rendered":"https:\/\/livrariaonline.local\/?post_type=product&#038;p=3815"},"modified":"2026-04-20T20:21:30","modified_gmt":"2026-04-20T20:21:30","slug":"quando-eu-morrer-vou-fazer-filmes-no-inferno-aquela-cancao-sobre-o-fim","status":"publish","type":"product","link":"https:\/\/artistasunidos.pt\/livrariaonline\/produto\/quando-eu-morrer-vou-fazer-filmes-no-inferno-aquela-cancao-sobre-o-fim\/","title":{"rendered":"QUANDO EU MORRER, VOU FAZER FILMES NO INFERNO\/ AQUELA CAN\u00c7\u00c3O SOBRE O FIM"},"content":{"rendered":"<p>Livrinhos de Teatro n\u00ba 190<\/p>\n<p>Uma edi\u00e7\u00e3o Artistas Unidos\/ Livros Snob<\/p>\n<p>O meu trabalho no teatro est\u00e1 associado \u00e0 inf\u00e2ncia, a um tempo em que somos totalmente livres, porque n\u00e3o temos inibi\u00e7\u00f5es.<br \/>\nM\u00e1rio Coelho<\/p>\n<p>SA\u00cdDA em Setembro 2025<\/p>\n<p>ISBN &#8211; 978-989-36286-1-4<\/p>\n","protected":false},"excerpt":{"rendered":"<p>de M\u00e1rio Coelho<\/p>\n","protected":false},"featured_media":3834,"template":"","meta":[],"product_brand":[],"product_cat":[77],"product_tag":[78,107],"class_list":{"0":"post-3815","1":"product","2":"type-product","3":"status-publish","4":"has-post-thumbnail","6":"product_cat-livrinhos-de-teatro","7":"product_tag-livrinhos-de-teatro","8":"product_tag-mario-coelho","10":"first","11":"instock","12":"featured","13":"taxable","14":"shipping-taxable","15":"purchasable","16":"product-type-simple"},"_links":{"self":[{"href":"https:\/\/artistasunidos.pt\/livrariaonline\/wp-json\/wp\/v2\/product\/3815","targetHints":{"allow":["GET"]}}],"collection":[{"href":"https:\/\/artistasunidos.pt\/livrariaonline\/wp-json\/wp\/v2\/product"}],"about":[{"href":"https:\/\/artistasunidos.pt\/livrariaonline\/wp-json\/wp\/v2\/types\/product"}],"wp:featuredmedia":[{"embeddable":true,"href":"https:\/\/artistasunidos.pt\/livrariaonline\/wp-json\/wp\/v2\/media\/3834"}],"wp:attachment":[{"href":"https:\/\/artistasunidos.pt\/livrariaonline\/wp-json\/wp\/v2\/media?parent=3815"}],"wp:term":[{"taxonomy":"product_brand","embeddable":true,"href":"https:\/\/artistasunidos.pt\/livrariaonline\/wp-json\/wp\/v2\/product_brand?post=3815"},{"taxonomy":"product_cat","embeddable":true,"href":"https:\/\/artistasunidos.pt\/livrariaonline\/wp-json\/wp\/v2\/product_cat?post=3815"},{"taxonomy":"product_tag","embeddable":true,"href":"https:\/\/artistasunidos.pt\/livrariaonline\/wp-json\/wp\/v2\/product_tag?post=3815"}],"curies":[{"name":"wp","href":"https:\/\/api.w.org\/{rel}","templated":true}]}}