{"id":401,"date":"2011-09-26T12:22:54","date_gmt":"2011-09-26T12:22:54","guid":{"rendered":"http:\/\/localhost\/testes\/produto\/o-homem-do-pe-direito-o-homem-da-picareta\/"},"modified":"2026-04-20T20:17:03","modified_gmt":"2026-04-20T20:17:03","slug":"o-homem-do-pe-direito-o-homem-da-picareta","status":"publish","type":"product","link":"https:\/\/artistasunidos.pt\/livrariaonline\/produto\/o-homem-do-pe-direito-o-homem-da-picareta\/","title":{"rendered":"O HOMEM DO P\u00c9 DIREITO \/ O HOMEM DA PICARETA"},"content":{"rendered":"<p>Livrinhos de Teatro n\u00ba 15<\/p>\n<p>Artistas Unidos \/ Livros Cotovia<\/p>\n<p>Miguel Castro Caldas leva as letras mesmo \u00e0 letra. E gosta de lhes fugir. Exerc\u00edcios de fuga, os seus textos teatrais s\u00e3o \u00fanicos, imprevis\u00edveis, irredut\u00edveis, oscilam delicadamente entre as palavras e as coisas, e ele desvia.<\/p>\n","protected":false},"excerpt":{"rendered":"<p>de Miguel Castro Caldas<\/p>\n","protected":false},"featured_media":3449,"template":"","meta":[],"product_brand":[],"product_cat":[77],"product_tag":[],"class_list":{"0":"post-401","1":"product","2":"type-product","3":"status-publish","4":"has-post-thumbnail","6":"product_cat-livrinhos-de-teatro","8":"first","9":"outofstock","10":"taxable","11":"shipping-taxable","12":"purchasable","13":"product-type-simple"},"_links":{"self":[{"href":"https:\/\/artistasunidos.pt\/livrariaonline\/wp-json\/wp\/v2\/product\/401","targetHints":{"allow":["GET"]}}],"collection":[{"href":"https:\/\/artistasunidos.pt\/livrariaonline\/wp-json\/wp\/v2\/product"}],"about":[{"href":"https:\/\/artistasunidos.pt\/livrariaonline\/wp-json\/wp\/v2\/types\/product"}],"wp:featuredmedia":[{"embeddable":true,"href":"https:\/\/artistasunidos.pt\/livrariaonline\/wp-json\/wp\/v2\/media\/3449"}],"wp:attachment":[{"href":"https:\/\/artistasunidos.pt\/livrariaonline\/wp-json\/wp\/v2\/media?parent=401"}],"wp:term":[{"taxonomy":"product_brand","embeddable":true,"href":"https:\/\/artistasunidos.pt\/livrariaonline\/wp-json\/wp\/v2\/product_brand?post=401"},{"taxonomy":"product_cat","embeddable":true,"href":"https:\/\/artistasunidos.pt\/livrariaonline\/wp-json\/wp\/v2\/product_cat?post=401"},{"taxonomy":"product_tag","embeddable":true,"href":"https:\/\/artistasunidos.pt\/livrariaonline\/wp-json\/wp\/v2\/product_tag?post=401"}],"curies":[{"name":"wp","href":"https:\/\/api.w.org\/{rel}","templated":true}]}}