{"id":4056,"date":"2026-03-11T14:22:40","date_gmt":"2026-03-11T14:22:40","guid":{"rendered":"https:\/\/artistasunidos.pt\/livrariaonline\/?post_type=product&#038;p=4056"},"modified":"2026-04-20T20:21:37","modified_gmt":"2026-04-20T20:21:37","slug":"documentario-rei-edipo-antigona-o-direito-do-mais-fraco-a-liberdade","status":"publish","type":"product","link":"https:\/\/artistasunidos.pt\/livrariaonline\/produto\/documentario-rei-edipo-antigona-o-direito-do-mais-fraco-a-liberdade\/","title":{"rendered":"DOCUMENT\u00c1RIO\/ REI \u00c9DIPO\/ ANT\u00cdGONA\/ O DIREITO DO MAIS FRACO \u00c0 LIBERDADE"},"content":{"rendered":"<p>Livrinhos de Teatro n\u00ba 198<\/p>\n<p>Uma edi\u00e7\u00e3o Artistas Unidos\/ Livros Snob\/ SillySeason com o apoio Funda\u00e7\u00e3o Millennium BCP<br \/>\nSA\u00cdDA em Fevereiro 2026<\/p>\n<p>SillySeason, coletivo de artistas que pensa o teatro e as artes performativas, numa busca constante por novos modelos de cria\u00e7\u00e3o, numa constante reflex\u00e3o sobre o que \u00e9 teatro, ou o que poder\u00e1 ser.<\/p>\n<p>ISBN: 978-989-36286-9-0<\/p>\n<p>&nbsp;<\/p>\n","protected":false},"excerpt":{"rendered":"<p>de SillySeason<\/p>\n","protected":false},"featured_media":4057,"template":"","meta":[],"product_brand":[],"product_cat":[77],"product_tag":[78,123],"class_list":{"0":"post-4056","1":"product","2":"type-product","3":"status-publish","4":"has-post-thumbnail","6":"product_cat-livrinhos-de-teatro","7":"product_tag-livrinhos-de-teatro","8":"product_tag-sillyseason","10":"first","11":"instock","12":"featured","13":"taxable","14":"shipping-taxable","15":"purchasable","16":"product-type-simple"},"_links":{"self":[{"href":"https:\/\/artistasunidos.pt\/livrariaonline\/wp-json\/wp\/v2\/product\/4056","targetHints":{"allow":["GET"]}}],"collection":[{"href":"https:\/\/artistasunidos.pt\/livrariaonline\/wp-json\/wp\/v2\/product"}],"about":[{"href":"https:\/\/artistasunidos.pt\/livrariaonline\/wp-json\/wp\/v2\/types\/product"}],"wp:featuredmedia":[{"embeddable":true,"href":"https:\/\/artistasunidos.pt\/livrariaonline\/wp-json\/wp\/v2\/media\/4057"}],"wp:attachment":[{"href":"https:\/\/artistasunidos.pt\/livrariaonline\/wp-json\/wp\/v2\/media?parent=4056"}],"wp:term":[{"taxonomy":"product_brand","embeddable":true,"href":"https:\/\/artistasunidos.pt\/livrariaonline\/wp-json\/wp\/v2\/product_brand?post=4056"},{"taxonomy":"product_cat","embeddable":true,"href":"https:\/\/artistasunidos.pt\/livrariaonline\/wp-json\/wp\/v2\/product_cat?post=4056"},{"taxonomy":"product_tag","embeddable":true,"href":"https:\/\/artistasunidos.pt\/livrariaonline\/wp-json\/wp\/v2\/product_tag?post=4056"}],"curies":[{"name":"wp","href":"https:\/\/api.w.org\/{rel}","templated":true}]}}