{"id":4319,"date":"2026-05-11T11:15:08","date_gmt":"2026-05-11T11:15:08","guid":{"rendered":"https:\/\/artistasunidos.pt\/livrariaonline\/?post_type=product&#038;p=4319"},"modified":"2026-05-11T11:18:39","modified_gmt":"2026-05-11T11:18:39","slug":"noite-branca-no-bosque-o-horizonte-dos-acontecimentos","status":"publish","type":"product","link":"https:\/\/artistasunidos.pt\/livrariaonline\/produto\/noite-branca-no-bosque-o-horizonte-dos-acontecimentos\/","title":{"rendered":"NOITE BRANCA \\ NO BOSQUE \\ O HORIZONTE DOS ACONTECIMENTOS"},"content":{"rendered":"<p>Livrinhos de Teatro n\u00ba 202<\/p>\n<p>Uma edi\u00e7\u00e3o Artistas Unidos\/ Livros Snob\/ TBA com o apoio Caixa Cultura e Minist\u00e9rio dos Neg\u00f3cios Estrangeiros e da Coopera\u00e7\u00e3o Iternacional Intaliano<br \/>\nSA\u00cdDA em Maio 2026<\/p>\n<p>As autoras presentes nestes volumes foram escolhidas nas mais recentes edi\u00e7\u00f5es do Pr\u00e9mio Riccione, o mais antigo e importante pr\u00e9mio dedicado \u00e0 dramaturgia italiana.<\/p>\n<p>ISBN: 978-989-36788-4-8<\/p>\n<p>&nbsp;<\/p>\n","protected":false},"excerpt":{"rendered":"<div class=\"elementToProof\">NOITE BRANCA de Tatjana Motta<\/div>\n<div class=\"elementToProof\">NO BOSQUE de Carlotta Corradi<\/div>\n<div class=\"elementToProof\">O HORIZONTE DOS ACONTECIMENTOS de Elisa Casseri<\/div>\n","protected":false},"featured_media":4320,"template":"","meta":[],"product_brand":[],"product_cat":[77],"product_tag":[78],"class_list":{"0":"post-4319","1":"product","2":"type-product","3":"status-publish","4":"has-post-thumbnail","6":"product_cat-livrinhos-de-teatro","7":"product_tag-livrinhos-de-teatro","9":"first","10":"instock","11":"featured","12":"taxable","13":"shipping-taxable","14":"purchasable","15":"product-type-simple"},"_links":{"self":[{"href":"https:\/\/artistasunidos.pt\/livrariaonline\/wp-json\/wp\/v2\/product\/4319","targetHints":{"allow":["GET"]}}],"collection":[{"href":"https:\/\/artistasunidos.pt\/livrariaonline\/wp-json\/wp\/v2\/product"}],"about":[{"href":"https:\/\/artistasunidos.pt\/livrariaonline\/wp-json\/wp\/v2\/types\/product"}],"wp:featuredmedia":[{"embeddable":true,"href":"https:\/\/artistasunidos.pt\/livrariaonline\/wp-json\/wp\/v2\/media\/4320"}],"wp:attachment":[{"href":"https:\/\/artistasunidos.pt\/livrariaonline\/wp-json\/wp\/v2\/media?parent=4319"}],"wp:term":[{"taxonomy":"product_brand","embeddable":true,"href":"https:\/\/artistasunidos.pt\/livrariaonline\/wp-json\/wp\/v2\/product_brand?post=4319"},{"taxonomy":"product_cat","embeddable":true,"href":"https:\/\/artistasunidos.pt\/livrariaonline\/wp-json\/wp\/v2\/product_cat?post=4319"},{"taxonomy":"product_tag","embeddable":true,"href":"https:\/\/artistasunidos.pt\/livrariaonline\/wp-json\/wp\/v2\/product_tag?post=4319"}],"curies":[{"name":"wp","href":"https:\/\/api.w.org\/{rel}","templated":true}]}}