{"id":725,"date":"2017-11-02T16:14:14","date_gmt":"2017-11-02T16:14:14","guid":{"rendered":"http:\/\/localhost\/testes\/?post_type=product&#038;p=725"},"modified":"2026-04-20T20:17:30","modified_gmt":"2026-04-20T20:17:30","slug":"a-orelha-de-deus","status":"publish","type":"product","link":"https:\/\/artistasunidos.pt\/livrariaonline\/produto\/a-orelha-de-deus\/","title":{"rendered":"A ORELHA DE DEUS"},"content":{"rendered":"<p>Livrinhos de Teatro n\u00ba 38<\/p>\n<p>Artistas Unidos \/ Livros Cotovia<\/p>\n<p>Tradu\u00e7\u00e3o Rog\u00e9rio Casanova<\/p>\n<p>Esta pe\u00e7a da jovem dramaturga nova-iorquina Jenny Schwartz \u00e9 um (j)acto \u00fanico composto por palavras que se invocam umas \u00e0s outras, que se associam livremente contra a vontade de quem as diz, ou apesar das inten\u00e7\u00f5es daqueles que as proferem, sem filtros de esp\u00e9cie nenhuma. Uma esp\u00e9cie de pesadelo musical onde a dor, o sentimento de culpa e o processo de nega\u00e7\u00e3o da realidade que subjaz \u00e0 perda de um filho se transmutam num humor desbragado. H\u00e1 qualquer coisa de infantil e perverso na forma como as personagens, num processo mim\u00e9tico, assumem tra\u00e7os de outras e convivem com figuras imagin\u00e1rias como a Fada dos Dentes ou um boneco &#8216;action-man&#8217;. Os contornos dos lugares e as categorias temporais esbatem-se. Um permanente deslocamento das palavras relativamente \u00e0s suas significa\u00e7\u00f5es e emo\u00e7\u00f5es subjacentes perturba-nos, obrigando-nos a prosseguir em busca de um sentido ou de um final para a hist\u00f3ria que nos vai sendo desvendada.<br \/>\n<strong>Cristina Carvalhal<\/strong><\/p>\n","protected":false},"excerpt":{"rendered":"<p>de Jenny Schwartz<\/p>\n","protected":false},"featured_media":726,"template":"","meta":[],"product_brand":[],"product_cat":[77],"product_tag":[],"class_list":{"0":"post-725","1":"product","2":"type-product","3":"status-publish","4":"has-post-thumbnail","6":"product_cat-livrinhos-de-teatro","8":"first","9":"instock","10":"taxable","11":"shipping-taxable","12":"purchasable","13":"product-type-simple"},"_links":{"self":[{"href":"https:\/\/artistasunidos.pt\/livrariaonline\/wp-json\/wp\/v2\/product\/725","targetHints":{"allow":["GET"]}}],"collection":[{"href":"https:\/\/artistasunidos.pt\/livrariaonline\/wp-json\/wp\/v2\/product"}],"about":[{"href":"https:\/\/artistasunidos.pt\/livrariaonline\/wp-json\/wp\/v2\/types\/product"}],"wp:featuredmedia":[{"embeddable":true,"href":"https:\/\/artistasunidos.pt\/livrariaonline\/wp-json\/wp\/v2\/media\/726"}],"wp:attachment":[{"href":"https:\/\/artistasunidos.pt\/livrariaonline\/wp-json\/wp\/v2\/media?parent=725"}],"wp:term":[{"taxonomy":"product_brand","embeddable":true,"href":"https:\/\/artistasunidos.pt\/livrariaonline\/wp-json\/wp\/v2\/product_brand?post=725"},{"taxonomy":"product_cat","embeddable":true,"href":"https:\/\/artistasunidos.pt\/livrariaonline\/wp-json\/wp\/v2\/product_cat?post=725"},{"taxonomy":"product_tag","embeddable":true,"href":"https:\/\/artistasunidos.pt\/livrariaonline\/wp-json\/wp\/v2\/product_tag?post=725"}],"curies":[{"name":"wp","href":"https:\/\/api.w.org\/{rel}","templated":true}]}}