{"id":903,"date":"2017-11-08T18:14:17","date_gmt":"2017-11-08T18:14:17","guid":{"rendered":"http:\/\/www.artistasunidos.pt\/livrariateste\/?post_type=product&#038;p=903"},"modified":"2026-04-20T20:17:31","modified_gmt":"2026-04-20T20:17:31","slug":"ana","status":"publish","type":"product","link":"https:\/\/artistasunidos.pt\/livrariaonline\/produto\/ana\/","title":{"rendered":"ANA"},"content":{"rendered":"<p>Livrinhos de Teatro n\u00ba 39<\/p>\n<p>Artistas Unidos \/ Livros Cotovia<\/p>\n<p>Vieira Mendes partiu da pe\u00e7a anterior, Onde Vamos Morar, onde inaugurou, como diz, \u00abuma forma diferente de falar em palco\u00bb da ideia de T1 (pe\u00e7a escrita em 2001, onde jogava com o espa\u00e7o) e da n\u00e3o linearidade temporal. Escrita no isolamento de uma resid\u00eancia criativa, em Fran\u00e7a, nasceu esta Ana que espelha \u00abo final de um ciclo de escrita e que pensa sobre a impossibilidade da fic\u00e7\u00e3o ou que esplora a fic\u00e7\u00e3o at\u00e9 ao ponto em que ela se desfaz. Fazendo uso de muito poucos meios ficcionais (uma mala, quatro personagens, um vestido e um ch\u00e1) e usando a palavra, a ideia foi brincar com as expectativas do p\u00fablico face \u00e0 pr\u00f3pria hist\u00f3ria e levar isso ao extremo. Jos\u00e9 Maria Vieira Mendes conta que foi s\u00f3 depois de come\u00e7ar a escrever que percebeu que o texto era sobre o &#8220;o tempo&#8221; e sobre &#8220;o fim da fic\u00e7\u00e3o&#8221;.<br \/>\nGisela Pissara, Di\u00e1rio de Not\u00edcias<\/p>\n","protected":false},"excerpt":{"rendered":"<p>de Jos\u00e9 Maria Vieira Mendes<\/p>\n","protected":false},"featured_media":904,"template":"","meta":[],"product_brand":[],"product_cat":[77],"product_tag":[],"class_list":{"0":"post-903","1":"product","2":"type-product","3":"status-publish","4":"has-post-thumbnail","6":"product_cat-livrinhos-de-teatro","8":"first","9":"instock","10":"taxable","11":"shipping-taxable","12":"purchasable","13":"product-type-simple"},"_links":{"self":[{"href":"https:\/\/artistasunidos.pt\/livrariaonline\/wp-json\/wp\/v2\/product\/903","targetHints":{"allow":["GET"]}}],"collection":[{"href":"https:\/\/artistasunidos.pt\/livrariaonline\/wp-json\/wp\/v2\/product"}],"about":[{"href":"https:\/\/artistasunidos.pt\/livrariaonline\/wp-json\/wp\/v2\/types\/product"}],"wp:featuredmedia":[{"embeddable":true,"href":"https:\/\/artistasunidos.pt\/livrariaonline\/wp-json\/wp\/v2\/media\/904"}],"wp:attachment":[{"href":"https:\/\/artistasunidos.pt\/livrariaonline\/wp-json\/wp\/v2\/media?parent=903"}],"wp:term":[{"taxonomy":"product_brand","embeddable":true,"href":"https:\/\/artistasunidos.pt\/livrariaonline\/wp-json\/wp\/v2\/product_brand?post=903"},{"taxonomy":"product_cat","embeddable":true,"href":"https:\/\/artistasunidos.pt\/livrariaonline\/wp-json\/wp\/v2\/product_cat?post=903"},{"taxonomy":"product_tag","embeddable":true,"href":"https:\/\/artistasunidos.pt\/livrariaonline\/wp-json\/wp\/v2\/product_tag?post=903"}],"curies":[{"name":"wp","href":"https:\/\/api.w.org\/{rel}","templated":true}]}}

<p>Livrinhos de Teatro nº 39</p>
<p>Artistas Unidos / Livros Cotovia</p>
<p>Vieira Mendes partiu da peça anterior, Onde Vamos Morar, onde inaugurou, como diz, «uma forma diferente de falar em palco» da ideia de T1 (peça escrita em 2001, onde jogava com o espaço) e da não linearidade temporal. Escrita no isolamento de uma residência criativa, em França, nasceu esta Ana que espelha «o final de um ciclo de escrita e que pensa sobre a impossibilidade da ficção ou que esplora a ficção até ao ponto em que ela se desfaz. Fazendo uso de muito poucos meios ficcionais (uma mala, quatro personagens, um vestido e um chá) e usando a palavra, a ideia foi brincar com as expectativas do público face à própria história e levar isso ao extremo. José Maria Vieira Mendes conta que foi só depois de começar a escrever que percebeu que o texto era sobre o &#8220;o tempo&#8221; e sobre &#8220;o fim da ficção&#8221;.<br />
Gisela Pissara, Diário de Notícias</p>

<p>de José Maria Vieira Mendes</p>
