{"id":913,"date":"2017-11-08T18:25:30","date_gmt":"2017-11-08T18:25:30","guid":{"rendered":"http:\/\/www.artistasunidos.pt\/livrariateste\/?post_type=product&#038;p=913"},"modified":"2026-04-20T20:17:34","modified_gmt":"2026-04-20T20:17:34","slug":"barcelona-mapa-de-sombras-apres-moi-le-deluge","status":"publish","type":"product","link":"https:\/\/artistasunidos.pt\/livrariaonline\/produto\/barcelona-mapa-de-sombras-apres-moi-le-deluge\/","title":{"rendered":"BARCELONA, MAPA DE SOMBRAS APR\u00c9S MOI, LE D\u00c9LUGE"},"content":{"rendered":"<p>Livrinhos de Teatro n\u00ba 43<\/p>\n<p>Artistas Unidos \/ Livros Cotovia<\/p>\n<p>Tradu\u00e7\u00e3o \u00c2ngelo Ferreira de Sousa<\/p>\n<p>As personagens de Lluisa Cunill\u00e9 t\u00eam plena consci\u00eancia de que a sua interac\u00e7\u00e3o \u00e9 um n\u00famero social, parte do espect\u00e1culo da hist\u00f3ria. \u00c9 essa consci\u00eancia do mundo em que est\u00e3o metidos que faz destas personagens verdadeiros her\u00f3is e desta dramaturgia uma obra subtil, mas lancinante. As pe\u00e7as de Cunill\u00e9 falar\u00e3o \u00e0 humanidade durante muito tempo.<br \/>\nJorge Loura\u00e7o Figueira, P\u00fablico<\/p>\n","protected":false},"excerpt":{"rendered":"<p>de Llu\u00efsa Cunill\u00e9<\/p>\n","protected":false},"featured_media":914,"template":"","meta":[],"product_brand":[],"product_cat":[77],"product_tag":[],"class_list":{"0":"post-913","1":"product","2":"type-product","3":"status-publish","4":"has-post-thumbnail","6":"product_cat-livrinhos-de-teatro","8":"first","9":"instock","10":"taxable","11":"shipping-taxable","12":"purchasable","13":"product-type-simple"},"_links":{"self":[{"href":"https:\/\/artistasunidos.pt\/livrariaonline\/wp-json\/wp\/v2\/product\/913","targetHints":{"allow":["GET"]}}],"collection":[{"href":"https:\/\/artistasunidos.pt\/livrariaonline\/wp-json\/wp\/v2\/product"}],"about":[{"href":"https:\/\/artistasunidos.pt\/livrariaonline\/wp-json\/wp\/v2\/types\/product"}],"wp:featuredmedia":[{"embeddable":true,"href":"https:\/\/artistasunidos.pt\/livrariaonline\/wp-json\/wp\/v2\/media\/914"}],"wp:attachment":[{"href":"https:\/\/artistasunidos.pt\/livrariaonline\/wp-json\/wp\/v2\/media?parent=913"}],"wp:term":[{"taxonomy":"product_brand","embeddable":true,"href":"https:\/\/artistasunidos.pt\/livrariaonline\/wp-json\/wp\/v2\/product_brand?post=913"},{"taxonomy":"product_cat","embeddable":true,"href":"https:\/\/artistasunidos.pt\/livrariaonline\/wp-json\/wp\/v2\/product_cat?post=913"},{"taxonomy":"product_tag","embeddable":true,"href":"https:\/\/artistasunidos.pt\/livrariaonline\/wp-json\/wp\/v2\/product_tag?post=913"}],"curies":[{"name":"wp","href":"https:\/\/api.w.org\/{rel}","templated":true}]}}