{"id":953,"date":"2017-12-28T15:59:38","date_gmt":"2017-12-28T15:59:38","guid":{"rendered":"http:\/\/www.artistasunidos.pt\/livrariateste\/?post_type=product&#038;p=953"},"modified":"2026-04-20T20:19:33","modified_gmt":"2026-04-20T20:19:33","slug":"mulheres-sonharam-cavalos-de-carro","status":"publish","type":"product","link":"https:\/\/artistasunidos.pt\/livrariaonline\/produto\/mulheres-sonharam-cavalos-de-carro\/","title":{"rendered":"MULHERES SONHARAM CAVALOS \/ DE CARRO"},"content":{"rendered":"<p>Livrinhos de Teatro n\u00ba 112<\/p>\n<p>Uma edi\u00e7\u00e3o: Artistas Unidos\/ Livros Cotovia com o apoio Programa Sur (integrado na iniciativa Passado e Presente \u2013 Lisboa, Capital Ibero-americana de Cultura 2017)<\/p>\n<p>Mas nos \u00faltimos anos, e sobretudo depois da grande crise argentina, eis que descubro, entusiasmado tamb\u00e9m uma nova dramaturgia vinda desse sul distante. (&#8230;) Agora o que me deslumbra \u00e9 a riqueza, a diversidade, a espontaneidade, a irrever\u00eancia, a indisciplina de uma literatura dram\u00e1tica que todos os anos nos traz dezenas de novos textos.&#8221;<br \/>\nJorge Silva Melo<\/p>\n","protected":false},"excerpt":{"rendered":"<p>de Daniel Veronese<\/p>\n","protected":false},"featured_media":954,"template":"","meta":[],"product_brand":[],"product_cat":[77],"product_tag":[],"class_list":{"0":"post-953","1":"product","2":"type-product","3":"status-publish","4":"has-post-thumbnail","6":"product_cat-livrinhos-de-teatro","8":"first","9":"outofstock","10":"taxable","11":"shipping-taxable","12":"purchasable","13":"product-type-simple"},"_links":{"self":[{"href":"https:\/\/artistasunidos.pt\/livrariaonline\/wp-json\/wp\/v2\/product\/953","targetHints":{"allow":["GET"]}}],"collection":[{"href":"https:\/\/artistasunidos.pt\/livrariaonline\/wp-json\/wp\/v2\/product"}],"about":[{"href":"https:\/\/artistasunidos.pt\/livrariaonline\/wp-json\/wp\/v2\/types\/product"}],"wp:featuredmedia":[{"embeddable":true,"href":"https:\/\/artistasunidos.pt\/livrariaonline\/wp-json\/wp\/v2\/media\/954"}],"wp:attachment":[{"href":"https:\/\/artistasunidos.pt\/livrariaonline\/wp-json\/wp\/v2\/media?parent=953"}],"wp:term":[{"taxonomy":"product_brand","embeddable":true,"href":"https:\/\/artistasunidos.pt\/livrariaonline\/wp-json\/wp\/v2\/product_brand?post=953"},{"taxonomy":"product_cat","embeddable":true,"href":"https:\/\/artistasunidos.pt\/livrariaonline\/wp-json\/wp\/v2\/product_cat?post=953"},{"taxonomy":"product_tag","embeddable":true,"href":"https:\/\/artistasunidos.pt\/livrariaonline\/wp-json\/wp\/v2\/product_tag?post=953"}],"curies":[{"name":"wp","href":"https:\/\/api.w.org\/{rel}","templated":true}]}}